CRAN Package Check Results for Package SHT

Last updated on 2024-03-02 04:48:35 CET.

Flavor Version Tinstall Tcheck Ttotal Status Flags
r-devel-linux-x86_64-debian-clang 0.1.8 156.03 115.82 271.85 NOTE
r-devel-linux-x86_64-debian-gcc 0.1.8 119.25 86.68 205.93 NOTE
r-devel-linux-x86_64-fedora-clang 0.1.8 426.22 NOTE
r-devel-linux-x86_64-fedora-gcc 0.1.8 377.23 NOTE
r-devel-windows-x86_64 0.1.8 118.00 128.00 246.00 NOTE
r-patched-linux-x86_64 0.1.8 167.50 114.02 281.52 NOTE
r-release-linux-x86_64 0.1.8 146.67 112.70 259.37 NOTE
r-release-macos-arm64 0.1.8 94.00 NOTE
r-release-macos-x86_64 0.1.8 150.00 NOTE
r-release-windows-x86_64 0.1.8 152.00 162.00 314.00 NOTE
r-oldrel-macos-arm64 0.1.8 83.00 ERROR
r-oldrel-windows-x86_64 0.1.8 147.00 140.00 287.00 OK

Check Details

Version: 0.1.8
Check: C++ specification
Result: NOTE Specified C++11: please drop specification unless essential Flavors: r-devel-linux-x86_64-debian-clang, r-devel-linux-x86_64-debian-gcc, r-devel-linux-x86_64-fedora-clang, r-devel-linux-x86_64-fedora-gcc, r-devel-windows-x86_64, r-patched-linux-x86_64, r-release-linux-x86_64, r-release-macos-arm64, r-release-macos-x86_64, r-release-windows-x86_64

Version: 0.1.8
Check: PDF version of manual
Result: WARN LaTeX errors when creating PDF version. This typically indicates Rd problems. LaTeX errors found: ! Undefined control sequence. <argument> X \in \mathbb {R}{n\times p} l.3264 ...data \eqn{X \in \mathbb{R}{n\times p}}{} such that its rows are ! Undefined control sequence. <argument> ...Delta _{p-1} =\lbrace z \in \mathbb {R}^p~|~z_j > 0, \sum _{i=... l.3267 }{} test whether the data is uniformly distributed. Flavor: r-oldrel-macos-arm64

Version: 0.1.8
Check: PDF version of manual without index
Result: ERROR
Flavor: r-oldrel-macos-arm64