CRAN Package Check Results for Package SCOPRO

Last updated on 2024-06-13 05:59:20 CEST.

Flavor Version Tinstall Tcheck Ttotal Status Flags
r-devel-linux-x86_64-debian-clang 0.1.0 1.82 34.86 36.68 OK
r-devel-linux-x86_64-debian-gcc 0.1.0 0.29 1.83 2.12 ERROR
r-devel-linux-x86_64-fedora-clang 0.1.0 49.25 OK
r-devel-linux-x86_64-fedora-gcc 0.1.0 57.77 OK
r-devel-windows-x86_64 0.1.0 4.00 48.00 52.00 OK
r-patched-linux-x86_64 0.1.0 3.13 33.48 36.61 OK
r-release-linux-x86_64 0.1.0 2.52 34.15 36.67 OK
r-release-macos-arm64 0.1.0 26.00 OK
r-release-macos-x86_64 0.1.0 36.00 OK
r-release-windows-x86_64 0.1.0 4.00 49.00 53.00 OK
r-oldrel-macos-arm64 0.1.0 26.00 OK
r-oldrel-macos-x86_64 0.1.0 36.00 OK
r-oldrel-windows-x86_64 0.1.0 4.00 51.00 55.00 OK

Check Details

Version: 0.1.0
Check: package dependencies
Result: ERROR Package required but not available: ‘ggplot2’ Packages suggested but not available for checking: 'CIARA', 'testthat' See section ‘The DESCRIPTION file’ in the ‘Writing R Extensions’ manual. Flavor: r-devel-linux-x86_64-debian-gcc