CRAN Package Check Results for Package SC2API

Last updated on 2024-06-14 05:58:38 CEST.

Flavor Version Tinstall Tcheck Ttotal Status Flags
r-devel-linux-x86_64-debian-clang 1.0.0 2.92 49.13 52.05 NOTE
r-devel-linux-x86_64-debian-gcc 1.0.0 2.73 30.12 32.85 ERROR
r-devel-linux-x86_64-fedora-clang 1.0.0 68.64 NOTE
r-devel-linux-x86_64-fedora-gcc 1.0.0 76.08 NOTE
r-devel-windows-x86_64 1.0.0 4.00 66.00 70.00 NOTE
r-patched-linux-x86_64 1.0.0 3.78 46.96 50.74 NOTE
r-release-linux-x86_64 1.0.0 2.52 46.38 48.90 NOTE
r-release-macos-arm64 1.0.0 32.00 NOTE
r-release-macos-x86_64 1.0.0 46.00 NOTE
r-release-windows-x86_64 1.0.0 4.00 66.00 70.00 NOTE
r-oldrel-macos-arm64 1.0.0 31.00 NOTE
r-oldrel-macos-x86_64 1.0.0 40.00 NOTE
r-oldrel-windows-x86_64 1.0.0 6.00 68.00 74.00 NOTE

Check Details

Version: 1.0.0
Check: LazyData
Result: NOTE 'LazyData' is specified without a 'data' directory Flavors: r-devel-linux-x86_64-debian-clang, r-devel-linux-x86_64-debian-gcc, r-devel-linux-x86_64-fedora-clang, r-devel-linux-x86_64-fedora-gcc, r-devel-windows-x86_64, r-patched-linux-x86_64, r-release-linux-x86_64, r-release-macos-arm64, r-release-macos-x86_64, r-release-windows-x86_64, r-oldrel-macos-arm64, r-oldrel-macos-x86_64, r-oldrel-windows-x86_64

Version: 1.0.0
Check: package dependencies
Result: NOTE Packages suggested but not available for checking: 'httptest', 'ggplot2', 'testthat' Flavor: r-devel-linux-x86_64-debian-gcc

Version: 1.0.0
Check: tests
Result: ERROR Running ‘testthat.R’ [0s/1s] Running the tests in ‘tests/testthat.R’ failed. Complete output: > library(testthat) Error in library(testthat) : there is no package called 'testthat' Execution halted Flavor: r-devel-linux-x86_64-debian-gcc

Version: 1.0.0
Check: re-building of vignette outputs
Result: ERROR Error(s) in re-building vignettes: ... --- re-building ‘MMR_Distribution.Rmd’ using rmarkdown Quitting from lines 16-24 [unnamed-chunk-1] (MMR_Distribution.Rmd) Error: processing vignette 'MMR_Distribution.Rmd' failed with diagnostics: there is no package called 'httptest' --- failed re-building ‘MMR_Distribution.Rmd’ SUMMARY: processing the following file failed: ‘MMR_Distribution.Rmd’ Error: Vignette re-building failed. Execution halted Flavor: r-devel-linux-x86_64-debian-gcc