Last updated on 2023-12-07 04:56:36 CET.
Flavor | Version | Tinstall | Tcheck | Ttotal | Status | Flags |
---|---|---|---|---|---|---|
r-devel-linux-x86_64-debian-clang | 1.1 | 53.90 | 141.92 | 195.82 | NOTE | |
r-devel-linux-x86_64-debian-gcc | 1.1 | 40.05 | 104.80 | 144.85 | NOTE | |
r-devel-linux-x86_64-fedora-clang | 1.1 | 261.87 | NOTE | |||
r-devel-linux-x86_64-fedora-gcc | 1.1 | 263.98 | NOTE | |||
r-devel-windows-x86_64 | 1.1 | 44.00 | 146.00 | 190.00 | NOTE | |
r-patched-linux-x86_64 | 1.1 | 40.79 | 136.09 | 176.88 | NOTE | |
r-release-linux-x86_64 | 1.1 | 32.89 | 135.10 | 167.99 | NOTE | |
r-release-macos-arm64 | 1.1 | 5.00 | ERROR | |||
r-release-macos-x86_64 | 1.1 | 142.00 | NOTE | |||
r-release-windows-x86_64 | 1.1 | 57.00 | 181.00 | 238.00 | NOTE | |
r-oldrel-macos-arm64 | 1.1 | 9.00 | ERROR | |||
r-oldrel-macos-x86_64 | 1.1 | 131.00 | NOTE | |||
r-oldrel-windows-x86_64 | 1.1 | 57.00 | 171.00 | 228.00 | OK |
Version: 1.1
Check: C++ specification
Result: NOTE
Specified C++11: please drop specification unless essential
Flavors: r-devel-linux-x86_64-debian-clang, r-devel-linux-x86_64-debian-gcc, r-devel-linux-x86_64-fedora-clang, r-devel-linux-x86_64-fedora-gcc, r-devel-windows-x86_64, r-patched-linux-x86_64, r-release-linux-x86_64, r-release-macos-x86_64, r-release-windows-x86_64
Version: 1.1
Check: package dependencies
Result: ERROR
Package required but not available: ‘scran’
See section ‘The DESCRIPTION file’ in the ‘Writing R Extensions’
manual.
Flavors: r-release-macos-arm64, r-oldrel-macos-arm64
Version: 1.1
Check: dependencies in R code
Result: NOTE
Namespace in Imports field not imported from: ‘BiocSingular’
All declared Imports should be used.
Flavor: r-oldrel-macos-x86_64