CRAN Package Check Results for Package SC.MEB

Last updated on 2024-06-14 05:58:38 CEST.

Flavor Version Tinstall Tcheck Ttotal Status Flags
r-devel-linux-x86_64-debian-clang 1.1 58.56 140.06 198.62 NOTE
r-devel-linux-x86_64-debian-gcc 1.1 0.24 1.74 1.98 ERROR
r-devel-linux-x86_64-fedora-clang 1.1 266.79 NOTE
r-devel-linux-x86_64-fedora-gcc 1.1 268.16 NOTE
r-devel-windows-x86_64 1.1 45.00 142.00 187.00 NOTE
r-patched-linux-x86_64 1.1 54.65 132.80 187.45 NOTE
r-release-linux-x86_64 1.1 36.52 135.82 172.34 NOTE
r-release-macos-arm64 1.1 81.00 NOTE
r-release-macos-x86_64 1.1 117.00 NOTE
r-release-windows-x86_64 1.1 46.00 142.00 188.00 NOTE
r-oldrel-macos-arm64 1.1 5.00 ERROR
r-oldrel-macos-x86_64 1.1 142.00 NOTE
r-oldrel-windows-x86_64 1.1 58.00 181.00 239.00 NOTE

Check Details

Version: 1.1
Check: C++ specification
Result: NOTE Specified C++11: please drop specification unless essential Flavors: r-devel-linux-x86_64-debian-clang, r-devel-linux-x86_64-fedora-clang, r-devel-linux-x86_64-fedora-gcc, r-devel-windows-x86_64, r-patched-linux-x86_64, r-release-linux-x86_64, r-release-macos-arm64, r-release-macos-x86_64, r-release-windows-x86_64, r-oldrel-macos-x86_64, r-oldrel-windows-x86_64

Version: 1.1
Check: package dependencies
Result: ERROR Packages required but not available: 'ggplot2', 'purrr', 'scater', 'scran' See section ‘The DESCRIPTION file’ in the ‘Writing R Extensions’ manual. Flavor: r-devel-linux-x86_64-debian-gcc

Version: 1.1
Check: package dependencies
Result: ERROR Package required but not available: ‘scran’ See section ‘The DESCRIPTION file’ in the ‘Writing R Extensions’ manual. Flavor: r-oldrel-macos-arm64