CRAN Package Check Results for Package SAGMM

Last updated on 2024-07-15 05:49:13 CEST.

Flavor Version Tinstall Tcheck Ttotal Status Flags
r-devel-linux-x86_64-debian-clang 0.2.4 32.69 33.88 66.57 NOTE
r-devel-linux-x86_64-debian-gcc 0.2.4 23.00 26.44 49.44 NOTE
r-devel-linux-x86_64-fedora-clang 0.2.4 95.83 NOTE
r-devel-linux-x86_64-fedora-gcc 0.2.4 103.07 NOTE
r-devel-windows-x86_64 0.2.4 28.00 69.00 97.00 NOTE
r-patched-linux-x86_64 0.2.4 25.73 33.80 59.53 NOTE
r-release-linux-x86_64 0.2.4 26.95 32.83 59.78 NOTE
r-release-macos-arm64 0.2.4 28.00 NOTE
r-release-macos-x86_64 0.2.4 46.00 NOTE
r-release-windows-x86_64 0.2.4 30.00 71.00 101.00 NOTE
r-oldrel-macos-arm64 0.2.4 30.00 NOTE
r-oldrel-macos-x86_64 0.2.4 47.00 NOTE
r-oldrel-windows-x86_64 0.2.4 37.00 79.00 116.00 NOTE

Check Details

Version: 0.2.4
Check: C++ specification
Result: NOTE Specified C++11: please drop specification unless essential Flavors: r-devel-linux-x86_64-debian-clang, r-devel-linux-x86_64-debian-gcc, r-devel-linux-x86_64-fedora-clang, r-devel-linux-x86_64-fedora-gcc, r-devel-windows-x86_64, r-patched-linux-x86_64, r-release-linux-x86_64, r-release-macos-arm64, r-release-macos-x86_64, r-release-windows-x86_64, r-oldrel-macos-arm64, r-oldrel-macos-x86_64, r-oldrel-windows-x86_64