CRAN Package Check Results for Package SAGMM

Last updated on 2023-12-09 04:51:06 CET.

Flavor Version Tinstall Tcheck Ttotal Status Flags
r-devel-linux-x86_64-debian-clang 0.2.4 34.51 34.59 69.10 NOTE
r-devel-linux-x86_64-debian-gcc 0.2.4 25.39 26.38 51.77 NOTE
r-devel-linux-x86_64-fedora-clang 0.2.4 96.76 NOTE
r-devel-linux-x86_64-fedora-gcc 0.2.4 94.28 NOTE
r-devel-windows-x86_64 0.2.4 29.00 72.00 101.00 NOTE
r-patched-linux-x86_64 0.2.4 26.64 34.01 60.65 NOTE
r-release-linux-x86_64 0.2.4 25.43 33.15 58.58 NOTE
r-release-macos-arm64 0.2.4 30.00 NOTE
r-release-macos-x86_64 0.2.4 47.00 NOTE
r-release-windows-x86_64 0.2.4 35.00 78.00 113.00 NOTE
r-oldrel-macos-arm64 0.2.4 30.00 OK
r-oldrel-macos-x86_64 0.2.4 38.00 OK
r-oldrel-windows-x86_64 0.2.4 35.00 75.00 110.00 OK

Check Details

Version: 0.2.4
Check: C++ specification
Result: NOTE Specified C++11: please drop specification unless essential Flavors: r-devel-linux-x86_64-debian-clang, r-devel-linux-x86_64-debian-gcc, r-devel-linux-x86_64-fedora-clang, r-devel-linux-x86_64-fedora-gcc, r-devel-windows-x86_64, r-patched-linux-x86_64, r-release-linux-x86_64, r-release-macos-arm64, r-release-macos-x86_64, r-release-windows-x86_64