CRAN Package Check Results for Package Rspc

Last updated on 2024-03-04 04:51:42 CET.

Flavor Version Tinstall Tcheck Ttotal Status Flags
r-devel-linux-x86_64-debian-clang 1.2.2 2.98 26.71 29.69 NOTE
r-devel-linux-x86_64-debian-gcc 1.2.2 1.97 20.37 22.34 NOTE
r-devel-linux-x86_64-fedora-clang 1.2.2 37.79 NOTE
r-devel-linux-x86_64-fedora-gcc 1.2.2 47.42 NOTE
r-devel-windows-x86_64 1.2.2 3.00 43.00 46.00 NOTE
r-patched-linux-x86_64 1.2.2 2.47 25.24 27.71 NOTE
r-release-linux-x86_64 1.2.2 2.84 25.48 28.32 NOTE
r-release-macos-arm64 1.2.2 22.00 NOTE
r-release-macos-x86_64 1.2.2 33.00 NOTE
r-release-windows-x86_64 1.2.2 3.00 45.00 48.00 NOTE
r-oldrel-macos-arm64 1.2.2 17.00 NOTE
r-oldrel-windows-x86_64 1.2.2 5.00 46.00 51.00 NOTE

Check Details

Version: 1.2.2
Check: LazyData
Result: NOTE 'LazyData' is specified without a 'data' directory Flavors: r-devel-linux-x86_64-debian-clang, r-devel-linux-x86_64-debian-gcc, r-devel-linux-x86_64-fedora-clang, r-devel-linux-x86_64-fedora-gcc, r-devel-windows-x86_64, r-patched-linux-x86_64, r-release-linux-x86_64, r-release-macos-arm64, r-release-macos-x86_64, r-release-windows-x86_64, r-oldrel-macos-arm64, r-oldrel-windows-x86_64