CRAN Package Check Results for Package Rrepest

Last updated on 2024-03-02 04:48:33 CET.

Flavor Version Tinstall Tcheck Ttotal Status Flags
r-devel-linux-x86_64-debian-clang 1.3.0 11.49 89.91 101.40 OK
r-devel-linux-x86_64-debian-gcc 1.3.0 6.38 66.90 73.28 OK
r-devel-linux-x86_64-fedora-clang 1.3.0 131.43 NOTE
r-devel-linux-x86_64-fedora-gcc 1.3.0 126.53 NOTE
r-devel-windows-x86_64 1.3.0 12.00 83.00 95.00 OK
r-patched-linux-x86_64 1.3.0 7.09 86.28 93.37 OK
r-release-linux-x86_64 1.3.0 8.03 86.72 94.75 OK
r-release-macos-arm64 1.3.0 40.00 OK
r-release-macos-x86_64 1.3.0 106.00 OK
r-release-windows-x86_64 1.3.0 16.00 100.00 116.00 OK
r-oldrel-macos-arm64 1.3.0 41.00 OK
r-oldrel-windows-x86_64 1.3.0 16.00 109.00 125.00 OK

Check Details

Version: 1.3.0
Check: data for non-ASCII characters
Result: NOTE Note: found 192 marked UTF-8 strings Flavors: r-devel-linux-x86_64-fedora-clang, r-devel-linux-x86_64-fedora-gcc