Last updated on 2023-12-06 04:56:04 CET.
Flavor | Version | Tinstall | Tcheck | Ttotal | Status | Flags |
---|---|---|---|---|---|---|
r-devel-linux-x86_64-debian-clang | 0.4.0 | 7.55 | 32.09 | 39.64 | NOTE | |
r-devel-linux-x86_64-debian-gcc | 0.4.0 | 4.58 | 25.49 | 30.07 | NOTE | |
r-devel-linux-x86_64-fedora-clang | 0.4.0 | 48.33 | NOTE | |||
r-devel-linux-x86_64-fedora-gcc | 0.4.0 | 46.13 | NOTE | |||
r-devel-windows-x86_64 | 0.4.0 | 6.00 | 46.00 | 52.00 | NOTE | |
r-patched-linux-x86_64 | 0.4.0 | 5.86 | 30.55 | 36.41 | NOTE | |
r-release-linux-x86_64 | 0.4.0 | 5.80 | 31.00 | 36.80 | NOTE | |
r-release-macos-arm64 | 0.4.0 | 22.00 | NOTE | |||
r-release-macos-x86_64 | 0.4.0 | 26.00 | NOTE | |||
r-release-windows-x86_64 | 0.4.0 | 7.00 | 48.00 | 55.00 | NOTE | |
r-oldrel-macos-arm64 | 0.4.0 | 16.00 | NOTE | |||
r-oldrel-macos-x86_64 | 0.4.0 | 25.00 | NOTE | |||
r-oldrel-windows-x86_64 | 0.4.0 | 8.00 | 51.00 | 59.00 | NOTE |
Version: 0.4.0
Check: LazyData
Result: NOTE
'LazyData' is specified without a 'data' directory
Flavors: r-devel-linux-x86_64-debian-clang, r-devel-linux-x86_64-debian-gcc, r-devel-linux-x86_64-fedora-clang, r-devel-linux-x86_64-fedora-gcc, r-devel-windows-x86_64, r-patched-linux-x86_64, r-release-linux-x86_64, r-release-macos-arm64, r-release-macos-x86_64, r-release-windows-x86_64, r-oldrel-macos-arm64, r-oldrel-macos-x86_64, r-oldrel-windows-x86_64