CRAN Package Check Results for Package RobMixReg

Last updated on 2023-11-28 04:57:31 CET.

Flavor Version Tinstall Tcheck Ttotal Status Flags
r-devel-linux-x86_64-debian-clang 1.1.0 12.10 96.11 108.21 OK
r-devel-linux-x86_64-debian-gcc 1.1.0 10.53 72.62 83.15 OK
r-devel-linux-x86_64-fedora-clang 1.1.0 131.53 NOTE
r-devel-linux-x86_64-fedora-gcc 1.1.0 131.85 NOTE
r-devel-windows-x86_64 1.1.0 12.00 89.00 101.00 OK
r-patched-linux-x86_64 1.1.0 13.04 91.94 104.98 OK
r-release-linux-x86_64 1.1.0 12.89 92.51 105.40 OK
r-release-macos-arm64 1.1.0 42.00 OK
r-release-macos-x86_64 1.1.0 65.00 OK
r-release-windows-x86_64 1.1.0 16.00 100.00 116.00 OK
r-oldrel-macos-arm64 1.1.0 41.00 NOTE
r-oldrel-macos-x86_64 1.1.0 68.00 NOTE
r-oldrel-windows-x86_64 1.1.0 16.00 108.00 124.00 OK

Check Details

Version: 1.1.0
Check: dependencies in R code
Result: NOTE Namespace in Imports field not imported from: ‘glmnet’ All declared Imports should be used. Flavors: r-devel-linux-x86_64-fedora-clang, r-devel-linux-x86_64-fedora-gcc, r-oldrel-macos-arm64, r-oldrel-macos-x86_64