Last updated on 2023-12-07 04:56:35 CET.
Flavor | Version | Tinstall | Tcheck | Ttotal | Status | Flags |
---|---|---|---|---|---|---|
r-devel-linux-x86_64-debian-clang | 1.2.1 | 37.07 | 340.34 | 377.41 | OK | |
r-devel-linux-x86_64-debian-gcc | 1.2.1 | 30.41 | 253.10 | 283.51 | OK | |
r-devel-linux-x86_64-fedora-clang | 1.2.1 | 469.49 | NOTE | |||
r-devel-linux-x86_64-fedora-gcc | 1.2.1 | 450.31 | OK | |||
r-devel-windows-x86_64 | 1.2.1 | 30.00 | 4.00 | 34.00 | ERROR | |
r-patched-linux-x86_64 | 1.2.1 | 25.47 | 321.02 | 346.49 | OK | |
r-release-linux-x86_64 | 1.2.1 | 25.59 | 325.71 | 351.30 | OK | |
r-release-macos-arm64 | 1.2.1 | 109.00 | NOTE | |||
r-release-macos-x86_64 | 1.2.1 | 283.00 | NOTE | |||
r-release-windows-x86_64 | 1.2.1 | 43.00 | 289.00 | 332.00 | OK | |
r-oldrel-macos-arm64 | 1.2.1 | 109.00 | NOTE | |||
r-oldrel-macos-x86_64 | 1.2.1 | 154.00 | NOTE | |||
r-oldrel-windows-x86_64 | 1.2.1 | 42.00 | 324.00 | 366.00 | OK |
Version: 1.2.1
Check: Rd cross-references
Result: NOTE
Undeclared package ‘distrEx’ in Rd xrefs
Flavor: r-devel-linux-x86_64-fedora-clang
Version: 1.2.1
Check: whether package can be installed
Result: ERROR
Installation failed.
Flavor: r-devel-windows-x86_64
Version: 1.2.1
Check: package dependencies
Result: NOTE
Packages suggested but not available for checking:
'affydata', 'hgu95av2cdf', 'beadarrayExampleData',
'illuminaHumanv3.db'
Flavors: r-release-macos-arm64, r-release-macos-x86_64
Version: 1.2.1
Check: package dependencies
Result: NOTE
Package suggested but not available for checking: ‘illuminaHumanv3.db’
Flavor: r-oldrel-macos-arm64
Version: 1.2.1
Check: package dependencies
Result: NOTE
Packages suggested but not available for checking:
'affydata', 'illuminaHumanv3.db'
Flavor: r-oldrel-macos-x86_64