Last updated on 2023-12-07 04:56:35 CET.
Flavor | Version | Tinstall | Tcheck | Ttotal | Status | Flags |
---|---|---|---|---|---|---|
r-devel-linux-x86_64-debian-clang | 3.1.0 | 47.84 | 177.86 | 225.70 | OK | |
r-devel-linux-x86_64-debian-gcc | 3.1.0 | 34.56 | 130.62 | 165.18 | OK | |
r-devel-linux-x86_64-fedora-clang | 3.1.0 | 316.33 | NOTE | |||
r-devel-linux-x86_64-fedora-gcc | 3.1.0 | 415.40 | OK | |||
r-devel-windows-x86_64 | 3.1.0 | 56.00 | 300.00 | 356.00 | OK | |
r-patched-linux-x86_64 | 3.1.0 | 39.51 | 168.31 | 207.82 | OK | |
r-release-linux-x86_64 | 3.1.0 | 39.98 | 166.76 | 206.74 | OK | |
r-release-macos-arm64 | 3.1.0 | 225.00 | OK | |||
r-release-macos-x86_64 | 3.1.0 | 497.00 | OK | |||
r-release-windows-x86_64 | 3.1.0 | 69.00 | 335.00 | 404.00 | OK | |
r-oldrel-macos-arm64 | 3.1.0 | 217.00 | OK | |||
r-oldrel-macos-x86_64 | 3.1.0 | 227.00 | OK | |||
r-oldrel-windows-x86_64 | 3.1.0 | 48.00 | 326.00 | 374.00 | OK |
Version: 3.1.0
Check: Rd cross-references
Result: NOTE
Undeclared packages ‘bridgesampling’, ‘rstan’, ‘extraDistr’ in Rd xrefs
Flavor: r-devel-linux-x86_64-fedora-clang