CRAN Package Check Results for Package Rnvd3

Last updated on 2024-06-14 05:58:37 CEST.

Flavor Version Tinstall Tcheck Ttotal Status Flags
r-devel-linux-x86_64-debian-clang 1.0.0 6.23 46.26 52.49 OK
r-devel-linux-x86_64-debian-gcc 1.0.0 0.38 1.56 1.94 ERROR
r-devel-linux-x86_64-fedora-clang 1.0.0 66.46 OK
r-devel-linux-x86_64-fedora-gcc 1.0.0 60.41 OK
r-devel-windows-x86_64 1.0.0 5.00 59.00 64.00 OK
r-patched-linux-x86_64 1.0.0 5.92 44.85 50.77 OK
r-release-linux-x86_64 1.0.0 5.33 43.40 48.73 OK
r-release-macos-arm64 1.0.0 21.00 OK
r-release-macos-x86_64 1.0.0 33.00 OK
r-release-windows-x86_64 1.0.0 6.00 54.00 60.00 OK
r-oldrel-macos-arm64 1.0.0 26.00 OK
r-oldrel-macos-x86_64 1.0.0 31.00 OK
r-oldrel-windows-x86_64 1.0.0 7.00 59.00 66.00 OK

Check Details

Version: 1.0.0
Check: package dependencies
Result: ERROR Package required but not available: ‘lubridate’ Package suggested but not available for checking: ‘reshape2’ See section ‘The DESCRIPTION file’ in the ‘Writing R Extensions’ manual. Flavor: r-devel-linux-x86_64-debian-gcc