CRAN Package Check Results for Package RiemBase

Last updated on 2024-02-29 04:54:25 CET.

Flavor Version Tinstall Tcheck Ttotal Status Flags
r-devel-linux-x86_64-debian-clang 0.2.5 57.63 33.37 91.00 NOTE
r-devel-linux-x86_64-debian-gcc 0.2.5 46.44 26.13 72.57 NOTE
r-devel-linux-x86_64-fedora-clang 0.2.5 121.96 NOTE
r-devel-linux-x86_64-fedora-gcc 0.2.5 125.52 NOTE
r-devel-windows-x86_64 0.2.5 41.00 81.00 122.00 NOTE
r-patched-linux-x86_64 0.2.5 56.10 33.11 89.21 NOTE
r-release-linux-x86_64 0.2.5 52.54 33.16 85.70 NOTE
r-release-macos-arm64 0.2.5 36.00 NOTE
r-release-macos-x86_64 0.2.5 59.00 NOTE
r-release-windows-x86_64 0.2.5 52.00 84.00 136.00 NOTE
r-oldrel-macos-arm64 0.2.5 35.00 NOTE
r-oldrel-windows-x86_64 0.2.5 50.00 77.00 127.00 OK

Check Details

Version: 0.2.5
Check: C++ specification
Result: NOTE Specified C++11: please drop specification unless essential Flavors: r-devel-linux-x86_64-debian-clang, r-devel-linux-x86_64-debian-gcc, r-devel-linux-x86_64-fedora-clang, r-devel-linux-x86_64-fedora-gcc, r-devel-windows-x86_64, r-patched-linux-x86_64, r-release-linux-x86_64, r-release-macos-arm64, r-release-macos-x86_64, r-release-windows-x86_64

Version: 0.2.5
Check: installed package size
Result: NOTE installed size is 5.8Mb sub-directories of 1Mb or more: libs 5.6Mb Flavors: r-release-macos-arm64, r-release-macos-x86_64, r-oldrel-macos-arm64