Last updated on 2023-12-01 04:54:07 CET.
Flavor | Version | Tinstall | Tcheck | Ttotal | Status | Flags |
---|---|---|---|---|---|---|
r-devel-linux-x86_64-debian-clang | 2.1.0 | 1445.79 | 131.04 | 1576.83 | OK | |
r-devel-linux-x86_64-debian-gcc | 2.1.0 | 1052.18 | 97.05 | 1149.23 | OK | |
r-devel-linux-x86_64-fedora-clang | 2.1.0 | 2417.66 | NOTE | |||
r-devel-linux-x86_64-fedora-gcc | 2.1.0 | 2538.44 | OK | |||
r-devel-windows-x86_64 | 2.1.0 | 1134.00 | 206.00 | 1340.00 | NOTE | |
r-patched-linux-x86_64 | 2.1.0 | 1164.22 | 127.55 | 1291.77 | OK | |
r-release-linux-x86_64 | 2.1.0 | 1242.72 | 125.09 | 1367.81 | OK | |
r-release-macos-arm64 | 2.1.0 | 378.00 | NOTE | |||
r-release-macos-x86_64 | 2.1.0 | 320.00 | NOTE | |||
r-release-windows-x86_64 | 2.1.0 | 1494.00 | 246.00 | 1740.00 | NOTE | |
r-oldrel-macos-arm64 | 2.1.0 | 352.00 | NOTE | |||
r-oldrel-macos-x86_64 | 2.0.8 | 519.00 | NOTE | |||
r-oldrel-windows-x86_64 | 2.1.0 | 1393.00 | 225.00 | 1618.00 | NOTE |
Version: 2.1.0
Check: installed package size
Result: NOTE
installed size is 5.8Mb
sub-directories of 1Mb or more:
libs 4.4Mb
Flavors: r-devel-linux-x86_64-fedora-clang, r-devel-windows-x86_64, r-release-macos-arm64, r-release-macos-x86_64, r-release-windows-x86_64, r-oldrel-macos-arm64, r-oldrel-windows-x86_64
Version: 2.0.8
Check: installed package size
Result: NOTE
installed size is 37.1Mb
sub-directories of 1Mb or more:
libs 35.8Mb
Flavor: r-oldrel-macos-x86_64