Last updated on 2023-12-08 05:02:15 CET.
Flavor | Version | Tinstall | Tcheck | Ttotal | Status | Flags |
---|---|---|---|---|---|---|
r-devel-linux-x86_64-debian-clang | 0.4-5 | 35.99 | 86.05 | 122.04 | NOTE | |
r-devel-linux-x86_64-debian-gcc | 0.4-5 | 31.52 | 66.64 | 98.16 | NOTE | |
r-devel-linux-x86_64-fedora-clang | 0.4-5 | 172.99 | NOTE | |||
r-devel-linux-x86_64-fedora-gcc | 0.4-5 | 170.86 | NOTE | |||
r-devel-windows-x86_64 | 0.4-5 | 36.00 | 103.00 | 139.00 | NOTE | |
r-patched-linux-x86_64 | 0.4-5 | 37.31 | 86.38 | 123.69 | NOTE | |
r-release-linux-x86_64 | 0.4-5 | 36.23 | 83.64 | 119.87 | NOTE | |
r-release-macos-arm64 | 0.4-5 | 50.00 | NOTE | |||
r-release-macos-x86_64 | 0.4-5 | 82.00 | NOTE | |||
r-release-windows-x86_64 | 0.4-5 | 46.00 | 123.00 | 169.00 | NOTE | |
r-oldrel-macos-arm64 | 0.4-5 | 46.00 | OK | |||
r-oldrel-macos-x86_64 | 0.4-5 | 65.00 | OK | |||
r-oldrel-windows-x86_64 | 0.4-5 | 45.00 | 113.00 | 158.00 | OK |
Version: 0.4-5
Check: C++ specification
Result: NOTE
Specified C++11: please drop specification unless essential
Flavors: r-devel-linux-x86_64-debian-clang, r-devel-linux-x86_64-debian-gcc, r-devel-linux-x86_64-fedora-clang, r-devel-linux-x86_64-fedora-gcc, r-devel-windows-x86_64, r-patched-linux-x86_64, r-release-linux-x86_64, r-release-macos-arm64, r-release-macos-x86_64, r-release-windows-x86_64
Version: 0.4-5
Check: Rd files
Result: NOTE
checkRd: (-1) RealVAMS.Rd:133: Lost braces; missing escapes or markup?
133 | \code{diag(sqrt.w)\%*\%R\%*\%diag(sqrt.w)}. The matrix R assumes a variance of 1 for all of the binomial responses, while R.full includes the variance from the binomial distribution (in Wolfinger (1993), diag(sqrt.w) is called R_{mu}).}
| ^
Flavors: r-devel-linux-x86_64-debian-clang, r-devel-linux-x86_64-debian-gcc