CRAN Package Check Results for Package RcppParallel

Last updated on 2023-12-03 04:56:18 CET.

Flavor Version Tinstall Tcheck Ttotal Status Flags
r-devel-linux-x86_64-debian-clang 5.1.7 57.13 84.42 141.55 NOTE
r-devel-linux-x86_64-debian-gcc 5.1.7 33.11 54.60 87.71 NOTE
r-devel-linux-x86_64-fedora-clang 5.1.7 219.57 NOTE
r-devel-linux-x86_64-fedora-gcc 5.1.7 190.98 NOTE
r-devel-windows-x86_64 5.1.7 139.00 98.00 237.00 NOTE
r-patched-linux-x86_64 5.1.7 47.26 74.70 121.96 NOTE
r-release-linux-x86_64 5.1.7 46.81 74.31 121.12 NOTE
r-release-macos-arm64 5.1.7 56.00 NOTE
r-release-macos-x86_64 5.1.7 62.00 NOTE
r-release-windows-x86_64 5.1.7 137.00 109.00 246.00 NOTE
r-oldrel-macos-arm64 5.1.7 55.00 NOTE
r-oldrel-macos-x86_64 5.1.7 112.00 NOTE
r-oldrel-windows-x86_64 5.1.7 135.00 105.00 240.00 NOTE

Check Details

Version: 5.1.7
Check: for GNU extensions in Makefiles
Result: NOTE GNU make is a SystemRequirements. Flavors: r-devel-linux-x86_64-debian-clang, r-devel-linux-x86_64-debian-gcc, r-devel-linux-x86_64-fedora-clang, r-devel-linux-x86_64-fedora-gcc, r-devel-windows-x86_64, r-patched-linux-x86_64, r-release-linux-x86_64, r-release-macos-arm64, r-release-macos-x86_64, r-release-windows-x86_64, r-oldrel-macos-arm64, r-oldrel-macos-x86_64, r-oldrel-windows-x86_64