CRAN Package Check Results for Package RcppMeCab

Last updated on 2023-11-29 04:57:33 CET.

Flavor Version Tinstall Tcheck Ttotal Status Flags
r-devel-linux-x86_64-debian-clang 0.0.1.2 42.36 26.95 69.31 NOTE
r-devel-linux-x86_64-debian-gcc 0.0.1.2 35.85 21.57 57.42 NOTE
r-devel-linux-x86_64-fedora-clang 0.0.1.2 107.71 NOTE
r-devel-linux-x86_64-fedora-gcc 0.0.1.2 111.76 NOTE
r-devel-windows-x86_64 0.0.1.2 39.00 85.00 124.00 NOTE
r-patched-linux-x86_64 0.0.1.2 41.21 27.54 68.75 NOTE
r-release-linux-x86_64 0.0.1.2 45.05 27.27 72.32 NOTE
r-release-macos-arm64 0.0.1.2 21.00 ERROR
r-release-macos-x86_64 0.0.1.2 28.00 ERROR
r-release-windows-x86_64 0.0.1.2 45.00 91.00 136.00 NOTE
r-oldrel-macos-arm64 0.0.1.2 21.00 ERROR
r-oldrel-macos-x86_64 0.0.1.2 30.00 ERROR
r-oldrel-windows-x86_64 0.0.1.2 57.00 83.00 140.00 NOTE

Check Details

Version: 0.0.1.2
Check: C++ specification
Result: NOTE Specified C++11: please drop specification unless essential Flavors: r-devel-linux-x86_64-debian-clang, r-devel-linux-x86_64-debian-gcc, r-devel-linux-x86_64-fedora-clang, r-devel-linux-x86_64-fedora-gcc, r-devel-windows-x86_64, r-patched-linux-x86_64, r-release-linux-x86_64, r-release-windows-x86_64

Version: 0.0.1.2
Check: LazyData
Result: NOTE 'LazyData' is specified without a 'data' directory Flavors: r-devel-linux-x86_64-debian-clang, r-devel-linux-x86_64-debian-gcc, r-devel-linux-x86_64-fedora-clang, r-devel-linux-x86_64-fedora-gcc, r-devel-windows-x86_64, r-patched-linux-x86_64, r-release-linux-x86_64, r-release-windows-x86_64, r-oldrel-windows-x86_64

Version: 0.0.1.2
Check: for GNU extensions in Makefiles
Result: NOTE GNU make is a SystemRequirements. Flavors: r-devel-linux-x86_64-debian-clang, r-devel-linux-x86_64-debian-gcc, r-devel-linux-x86_64-fedora-clang, r-devel-linux-x86_64-fedora-gcc, r-devel-windows-x86_64, r-patched-linux-x86_64, r-release-linux-x86_64, r-release-windows-x86_64, r-oldrel-windows-x86_64

Version: 0.0.1.2
Check: whether package can be installed
Result: ERROR Installation failed. Flavors: r-release-macos-arm64, r-release-macos-x86_64, r-oldrel-macos-arm64, r-oldrel-macos-x86_64