Last updated on 2023-12-11 04:51:20 CET.
Flavor | Version | Tinstall | Tcheck | Ttotal | Status | Flags |
---|---|---|---|---|---|---|
r-devel-linux-x86_64-debian-clang | 1.0-23 | 19.96 | 168.62 | 188.58 | NOTE | |
r-devel-linux-x86_64-debian-gcc | 1.0-23 | 16.51 | 123.65 | 140.16 | NOTE | |
r-devel-linux-x86_64-fedora-clang | 1.0-23 | 237.60 | NOTE | |||
r-devel-linux-x86_64-fedora-gcc | 1.0-23 | 234.98 | NOTE | |||
r-devel-windows-x86_64 | 1.0-23 | 26.00 | 246.00 | 272.00 | NOTE | |
r-patched-linux-x86_64 | 1.0-23 | 19.78 | 162.86 | 182.64 | OK | |
r-release-linux-x86_64 | 1.0-23 | 20.68 | 159.44 | 180.12 | OK | |
r-release-macos-arm64 | 1.0-23 | 74.00 | OK | |||
r-release-macos-x86_64 | 1.0-23 | 121.00 | OK | |||
r-release-windows-x86_64 | 1.0-23 | 23.00 | 180.00 | 203.00 | OK | |
r-oldrel-macos-arm64 | 1.0-23 | 86.00 | OK | |||
r-oldrel-macos-x86_64 | 1.0-23 | 116.00 | OK | |||
r-oldrel-windows-x86_64 | 1.0-23 | 25.00 | 166.00 | 191.00 | OK |
Version: 1.0-23
Check: Rd metadata
Result: NOTE
Invalid package aliases in Rd file 'RcmdrPlugin.coin-package.Rd':
‘RcmdrcoinPlugin-package’
Flavors: r-devel-linux-x86_64-debian-clang, r-devel-linux-x86_64-debian-gcc, r-devel-linux-x86_64-fedora-clang, r-devel-linux-x86_64-fedora-gcc, r-devel-windows-x86_64