CRAN Package Check Results for Package RZooRoH

Last updated on 2024-07-22 05:50:02 CEST.

Flavor Version Tinstall Tcheck Ttotal Status Flags
r-devel-linux-x86_64-debian-clang 0.3.2.1 14.82 94.95 109.77 OK
r-devel-linux-x86_64-debian-gcc 0.3.2.1 8.72 71.50 80.22 OK
r-devel-linux-x86_64-fedora-clang 0.3.2.1 139.69 NOTE
r-devel-linux-x86_64-fedora-gcc 0.3.2.1 151.02 OK
r-devel-windows-x86_64 0.3.2.1 18.00 156.00 174.00 OK
r-patched-linux-x86_64 0.3.2.1 12.40 91.27 103.67 OK
r-release-linux-x86_64 0.3.2.1 12.62 91.43 104.05 OK
r-release-macos-arm64 0.3.2.1 69.00 OK
r-release-macos-x86_64 0.3.2.1 113.00 OK
r-release-windows-x86_64 0.3.2.1 17.00 156.00 173.00 OK
r-oldrel-macos-arm64 0.3.2.1 56.00 OK
r-oldrel-macos-x86_64 0.3.2.1 106.00 OK
r-oldrel-windows-x86_64 0.3.2.1 21.00 149.00 170.00 OK

Check Details

Version: 0.3.2.1
Check: installed package size
Result: NOTE installed size is 6.2Mb sub-directories of 1Mb or more: exdata 2.4Mb libs 1.9Mb Flavor: r-devel-linux-x86_64-fedora-clang