Last updated on 2023-11-30 04:53:06 CET.
Flavor | Version | Tinstall | Tcheck | Ttotal | Status | Flags |
---|---|---|---|---|---|---|
r-devel-linux-x86_64-debian-clang | 0.1.0 | 2.01 | 22.67 | 24.68 | NOTE | |
r-devel-linux-x86_64-debian-gcc | 0.1.0 | 1.60 | 17.75 | 19.35 | NOTE | |
r-devel-linux-x86_64-fedora-clang | 0.1.0 | 31.39 | NOTE | |||
r-devel-linux-x86_64-fedora-gcc | 0.1.0 | 29.99 | NOTE | |||
r-devel-windows-x86_64 | 0.1.0 | 3.00 | 40.00 | 43.00 | NOTE | |
r-patched-linux-x86_64 | 0.1.0 | 6.20 | 22.74 | 28.94 | NOTE | |
r-release-linux-x86_64 | 0.1.0 | 2.17 | 22.70 | 24.87 | NOTE | |
r-release-macos-arm64 | 0.1.0 | 15.00 | NOTE | |||
r-release-macos-x86_64 | 0.1.0 | 18.00 | NOTE | |||
r-release-windows-x86_64 | 0.1.0 | 4.00 | 40.00 | 44.00 | NOTE | |
r-oldrel-macos-arm64 | 0.1.0 | 17.00 | NOTE | |||
r-oldrel-macos-x86_64 | 0.1.0 | 22.00 | NOTE | |||
r-oldrel-windows-x86_64 | 0.1.0 | 4.00 | 42.00 | 46.00 | NOTE |
Version: 0.1.0
Check: LazyData
Result: NOTE
'LazyData' is specified without a 'data' directory
Flavors: r-devel-linux-x86_64-debian-clang, r-devel-linux-x86_64-debian-gcc, r-devel-linux-x86_64-fedora-clang, r-devel-linux-x86_64-fedora-gcc, r-devel-windows-x86_64, r-patched-linux-x86_64, r-release-linux-x86_64, r-release-macos-arm64, r-release-macos-x86_64, r-release-windows-x86_64, r-oldrel-macos-arm64, r-oldrel-macos-x86_64, r-oldrel-windows-x86_64