CRAN Package Check Results for Package RYandexTranslate

Last updated on 2024-07-15 05:49:13 CEST.

Flavor Version Tinstall Tcheck Ttotal Status Flags
r-devel-linux-x86_64-debian-clang 1.0 3.02 28.53 31.55 NOTE
r-devel-linux-x86_64-debian-gcc 1.0 2.32 22.47 24.79 NOTE
r-devel-linux-x86_64-fedora-clang 1.0 39.87 NOTE
r-devel-linux-x86_64-fedora-gcc 1.0 37.53 NOTE
r-devel-windows-x86_64 1.0 4.00 44.00 48.00 NOTE
r-patched-linux-x86_64 1.0 2.24 28.19 30.43 NOTE
r-release-linux-x86_64 1.0 2.75 26.87 29.62 NOTE
r-release-macos-arm64 1.0 15.00 NOTE
r-release-macos-x86_64 1.0 25.00 NOTE
r-release-windows-x86_64 1.0 4.00 43.00 47.00 NOTE
r-oldrel-macos-arm64 1.0 19.00 NOTE
r-oldrel-macos-x86_64 1.0 21.00 NOTE
r-oldrel-windows-x86_64 1.0 4.00 44.00 48.00 NOTE

Check Details

Version: 1.0
Check: LazyData
Result: NOTE 'LazyData' is specified without a 'data' directory Flavors: r-devel-linux-x86_64-debian-clang, r-devel-linux-x86_64-debian-gcc, r-devel-linux-x86_64-fedora-clang, r-devel-linux-x86_64-fedora-gcc, r-devel-windows-x86_64, r-patched-linux-x86_64, r-release-linux-x86_64, r-release-macos-arm64, r-release-macos-x86_64, r-release-windows-x86_64, r-oldrel-macos-arm64, r-oldrel-macos-x86_64, r-oldrel-windows-x86_64