CRAN Package Check Results for Package RYandexTranslate

Last updated on 2023-11-30 04:53:06 CET.

Flavor Version Tinstall Tcheck Ttotal Status Flags
r-devel-linux-x86_64-debian-clang 1.0 3.06 28.12 31.18 NOTE
r-devel-linux-x86_64-debian-gcc 1.0 1.79 22.03 23.82 NOTE
r-devel-linux-x86_64-fedora-clang 1.0 38.68 NOTE
r-devel-linux-x86_64-fedora-gcc 1.0 36.92 NOTE
r-devel-windows-x86_64 1.0 4.00 44.00 48.00 NOTE
r-patched-linux-x86_64 1.0 2.71 27.86 30.57 NOTE
r-release-linux-x86_64 1.0 2.86 28.04 30.90 NOTE
r-release-macos-arm64 1.0 19.00 NOTE
r-release-macos-x86_64 1.0 21.00 NOTE
r-release-windows-x86_64 1.0 4.00 44.00 48.00 NOTE
r-oldrel-macos-arm64 1.0 17.00 NOTE
r-oldrel-macos-x86_64 1.0 23.00 NOTE
r-oldrel-windows-x86_64 1.0 4.00 47.00 51.00 NOTE

Check Details

Version: 1.0
Check: LazyData
Result: NOTE 'LazyData' is specified without a 'data' directory Flavors: r-devel-linux-x86_64-debian-clang, r-devel-linux-x86_64-debian-gcc, r-devel-linux-x86_64-fedora-clang, r-devel-linux-x86_64-fedora-gcc, r-devel-windows-x86_64, r-patched-linux-x86_64, r-release-linux-x86_64, r-release-macos-arm64, r-release-macos-x86_64, r-release-windows-x86_64, r-oldrel-macos-arm64, r-oldrel-macos-x86_64, r-oldrel-windows-x86_64