Last updated on 2023-12-09 04:51:06 CET.
Flavor | Version | Tinstall | Tcheck | Ttotal | Status | Flags |
---|---|---|---|---|---|---|
r-devel-linux-x86_64-debian-clang | 0.9.3 | 11.02 | 123.67 | 134.69 | OK | |
r-devel-linux-x86_64-debian-gcc | 0.9.3 | 9.83 | 91.42 | 101.25 | OK | |
r-devel-linux-x86_64-fedora-clang | 0.9.3 | 170.38 | NOTE | |||
r-devel-linux-x86_64-fedora-gcc | 0.9.3 | 168.57 | NOTE | |||
r-devel-windows-x86_64 | 0.9.3 | 13.00 | 111.00 | 124.00 | OK | |
r-patched-linux-x86_64 | 0.9.3 | 11.51 | 115.83 | 127.34 | OK | |
r-release-linux-x86_64 | 0.9.3 | 10.32 | 114.88 | 125.20 | OK | |
r-release-macos-arm64 | 0.9.3 | 57.00 | OK | |||
r-release-macos-x86_64 | 0.9.3 | 85.00 | OK | |||
r-release-windows-x86_64 | 0.9.3 | 16.00 | 126.00 | 142.00 | OK | |
r-oldrel-macos-arm64 | 0.9.3 | 43.00 | NOTE | |||
r-oldrel-macos-x86_64 | 0.9.3 | 76.00 | NOTE | |||
r-oldrel-windows-x86_64 | 0.9.3 | 16.00 | 128.00 | 144.00 | OK |
Version: 0.9.3
Check: data for non-ASCII characters
Result: NOTE
Note: found 6 marked UTF-8 strings
Flavors: r-devel-linux-x86_64-fedora-clang, r-devel-linux-x86_64-fedora-gcc, r-oldrel-macos-arm64, r-oldrel-macos-x86_64