CRAN Package Check Results for Package RVenn

Last updated on 2024-07-22 05:50:02 CEST.

Flavor Version Tinstall Tcheck Ttotal Status Flags
r-devel-linux-x86_64-debian-clang 1.1.0 4.66 75.65 80.31 NOTE
r-devel-linux-x86_64-debian-gcc 1.1.0 3.31 59.03 62.34 NOTE
r-devel-linux-x86_64-fedora-clang 1.1.0 108.34 NOTE
r-devel-linux-x86_64-fedora-gcc 1.1.0 121.35 NOTE
r-devel-windows-x86_64 1.1.0 6.00 68.00 74.00 NOTE
r-patched-linux-x86_64 1.1.0 5.20 73.64 78.84 NOTE
r-release-linux-x86_64 1.1.0 4.80 75.60 80.40 NOTE
r-release-macos-arm64 1.1.0 32.00 NOTE
r-release-macos-x86_64 1.1.0 53.00 NOTE
r-release-windows-x86_64 1.1.0 5.00 67.00 72.00 NOTE
r-oldrel-macos-arm64 1.1.0 32.00 NOTE
r-oldrel-macos-x86_64 1.1.0 48.00 NOTE
r-oldrel-windows-x86_64 1.1.0 6.00 74.00 80.00 NOTE

Check Details

Version: 1.1.0
Check: LazyData
Result: NOTE 'LazyData' is specified without a 'data' directory Flavors: r-devel-linux-x86_64-debian-clang, r-devel-linux-x86_64-debian-gcc, r-devel-linux-x86_64-fedora-clang, r-devel-linux-x86_64-fedora-gcc, r-devel-windows-x86_64, r-patched-linux-x86_64, r-release-linux-x86_64, r-release-macos-arm64, r-release-macos-x86_64, r-release-windows-x86_64, r-oldrel-macos-arm64, r-oldrel-macos-x86_64, r-oldrel-windows-x86_64