Last updated on 2023-12-06 04:56:04 CET.
Flavor | Version | Tinstall | Tcheck | Ttotal | Status | Flags |
---|---|---|---|---|---|---|
r-devel-linux-x86_64-debian-clang | 0.9-83-7 | 17.38 | 140.92 | 158.30 | NOTE | |
r-devel-linux-x86_64-debian-gcc | 0.9-83-7 | 17.14 | 104.01 | 121.15 | NOTE | |
r-devel-linux-x86_64-fedora-clang | 0.9-83-7 | 200.22 | NOTE | |||
r-devel-linux-x86_64-fedora-gcc | 0.9-83-7 | 194.83 | NOTE | |||
r-devel-windows-x86_64 | 0.9-83-7 | 20.00 | 180.00 | 200.00 | NOTE | |
r-patched-linux-x86_64 | 0.9-83-7 | 29.14 | 133.79 | 162.93 | NOTE | |
r-release-linux-x86_64 | 0.9-83-7 | 15.07 | 134.31 | 149.38 | NOTE | |
r-release-macos-arm64 | 0.9-83-7 | 50.00 | NOTE | |||
r-release-macos-x86_64 | 0.9-83-7 | 149.00 | NOTE | |||
r-release-windows-x86_64 | 0.9-83-7 | 26.00 | 186.00 | 212.00 | NOTE | |
r-oldrel-macos-arm64 | 0.9-83-7 | 51.00 | NOTE | |||
r-oldrel-macos-x86_64 | 0.9-83-3 | 68.00 | NOTE | |||
r-oldrel-windows-x86_64 | 0.9-83-7 | 25.00 | 171.00 | 196.00 | NOTE |
Version: 0.9-83-7
Check: package dependencies
Result: NOTE
Package which this enhances but not available for checking: ‘glmmADMB’
Flavors: r-devel-linux-x86_64-debian-clang, r-devel-linux-x86_64-debian-gcc, r-devel-linux-x86_64-fedora-clang, r-devel-linux-x86_64-fedora-gcc, r-devel-windows-x86_64, r-patched-linux-x86_64, r-release-linux-x86_64, r-release-macos-arm64, r-release-macos-x86_64, r-release-windows-x86_64, r-oldrel-macos-arm64, r-oldrel-windows-x86_64
Version: 0.9-83-3
Check: package dependencies
Result: NOTE
Package which this enhances but not available for checking: ‘glmmADMB’
Flavor: r-oldrel-macos-x86_64