CRAN Package Check Results for Package RVAideMemoire

Last updated on 2024-07-14 05:53:43 CEST.

Flavor Version Tinstall Tcheck Ttotal Status Flags
r-devel-linux-x86_64-debian-clang 0.9-83-7 21.14 151.02 172.16 NOTE
r-devel-linux-x86_64-debian-gcc 0.9-83-7 16.47 102.39 118.86 NOTE
r-devel-linux-x86_64-fedora-clang 0.9-83-7 204.54 NOTE
r-devel-linux-x86_64-fedora-gcc 0.9-83-7 191.57 NOTE
r-devel-windows-x86_64 0.9-83-7 18.00 145.00 163.00 NOTE
r-patched-linux-x86_64 0.9-83-7 33.41 135.03 168.44 NOTE
r-release-linux-x86_64 0.9-83-7 13.69 135.30 148.99 NOTE
r-release-macos-arm64 0.9-83-7 50.00 NOTE
r-release-macos-x86_64 0.9-83-7 77.00 NOTE
r-release-windows-x86_64 0.9-83-7 21.00 145.00 166.00 NOTE
r-oldrel-macos-arm64 0.9-83-7 50.00 NOTE
r-oldrel-macos-x86_64 0.9-83-7 149.00 NOTE
r-oldrel-windows-x86_64 0.9-83-7 26.00 180.00 206.00 WARN

Additional issues

noSuggests

Check Details

Version: 0.9-83-7
Check: package dependencies
Result: NOTE Package which this enhances but not available for checking: ‘glmmADMB’ Flavors: r-devel-linux-x86_64-debian-clang, r-devel-linux-x86_64-debian-gcc, r-devel-linux-x86_64-fedora-clang, r-devel-linux-x86_64-fedora-gcc, r-devel-windows-x86_64, r-patched-linux-x86_64, r-release-linux-x86_64, r-release-macos-arm64, r-release-macos-x86_64, r-release-windows-x86_64, r-oldrel-macos-arm64, r-oldrel-macos-x86_64, r-oldrel-windows-x86_64

Version: 0.9-83-7
Check: Rd cross-references
Result: NOTE Found the following Rd file(s) with Rd \link{} targets missing package anchors: GPA.test.Rd: GPA MVA.cor.Rd: GPA MVA.scoreplot.Rd: GPA MVA.scores.Rd: GPA MVA.synt.Rd: GPA Please provide package anchors for all Rd \link{} targets not in the package itself and the base packages. Flavor: r-devel-windows-x86_64

Version: 0.9-83-7
Check: examples
Result: WARN Found the following significant warnings: Warning: 'adonis' is deprecated. Warning: 'adonis' is deprecated. Warning: 'vegan::adonis' is deprecated. Warning: 'vegan::adonis' is deprecated. Warning: 'vegan::adonis' is deprecated. Warning: 'vegan::adonis' is deprecated. Warning: 'vegan::adonis' is deprecated. Warning: 'vegan::adonis' is deprecated. Warning: 'vegan::adonis' is deprecated. Warning: 'vegan::adonis' is deprecated. Warning: 'adonis' is deprecated. Deprecated functions may be defunct as soon as of the next release of R. See ?Deprecated. Flavor: r-oldrel-windows-x86_64