CRAN Package Check Results for Package RTIGER

Last updated on 2024-02-25 04:51:17 CET.

Flavor Version Tinstall Tcheck Ttotal Status Flags
r-devel-linux-x86_64-debian-clang 2.1.0 21.94 230.28 252.22 OK
r-devel-linux-x86_64-debian-gcc 2.1.0 17.85 169.76 187.61 OK
r-devel-linux-x86_64-fedora-clang 2.1.0 325.69 OK
r-devel-linux-x86_64-fedora-gcc 2.1.0 328.29 OK
r-devel-windows-x86_64 2.1.0 21.00 166.00 187.00 OK
r-patched-linux-x86_64 2.1.0 22.97 222.80 245.77 OK
r-release-linux-x86_64 2.1.0 21.81 224.88 246.69 OK
r-release-macos-arm64 2.1.0 86.00 NOTE
r-release-macos-x86_64 2.1.0 132.00 NOTE
r-release-windows-x86_64 2.1.0 26.00 207.00 233.00 OK
r-oldrel-macos-arm64 2.1.0 90.00 OK
r-oldrel-windows-x86_64 2.1.0 28.00 222.00 250.00 OK

Check Details

Version: 2.1.0
Check: package dependencies
Result: NOTE Package suggested but not available for checking: ‘Gviz’ Flavors: r-release-macos-arm64, r-release-macos-x86_64