Last updated on 2023-12-10 04:56:11 CET.
Flavor | Version | Tinstall | Tcheck | Ttotal | Status | Flags |
---|---|---|---|---|---|---|
r-devel-linux-x86_64-debian-clang | 2.2.2 | 3.31 | 36.30 | 39.61 | NOTE | |
r-devel-linux-x86_64-debian-gcc | 2.2.2 | 2.34 | 28.05 | 30.39 | NOTE | |
r-devel-linux-x86_64-fedora-clang | 2.2.2 | 48.51 | NOTE | |||
r-devel-linux-x86_64-fedora-gcc | 2.2.2 | 59.43 | NOTE | |||
r-devel-windows-x86_64 | 2.2.2 | 3.00 | 48.00 | 51.00 | NOTE | |
r-patched-linux-x86_64 | 2.2.2 | 3.06 | 35.42 | 38.48 | NOTE | |
r-release-linux-x86_64 | 2.2.2 | 2.68 | 35.12 | 37.80 | NOTE | |
r-release-macos-arm64 | 2.2.2 | 24.00 | NOTE | |||
r-release-macos-x86_64 | 2.2.2 | 32.00 | NOTE | |||
r-release-windows-x86_64 | 2.2.2 | 4.00 | 51.00 | 55.00 | NOTE | |
r-oldrel-macos-arm64 | 2.2.2 | 18.00 | NOTE | |||
r-oldrel-macos-x86_64 | 2.2.2 | 26.00 | NOTE | |||
r-oldrel-windows-x86_64 | 2.2.2 | 4.00 | 53.00 | 57.00 | NOTE |
Version: 2.2.2
Check: LazyData
Result: NOTE
'LazyData' is specified without a 'data' directory
Flavors: r-devel-linux-x86_64-debian-clang, r-devel-linux-x86_64-debian-gcc, r-devel-linux-x86_64-fedora-clang, r-devel-linux-x86_64-fedora-gcc, r-devel-windows-x86_64, r-patched-linux-x86_64, r-release-linux-x86_64, r-release-macos-arm64, r-release-macos-x86_64, r-release-windows-x86_64, r-oldrel-macos-arm64, r-oldrel-macos-x86_64, r-oldrel-windows-x86_64