Last updated on 2023-11-30 04:53:05 CET.
Flavor | Version | Tinstall | Tcheck | Ttotal | Status | Flags |
---|---|---|---|---|---|---|
r-devel-linux-x86_64-debian-clang | 0.9.6 | 103.07 | 239.54 | 342.61 | WARN | |
r-devel-linux-x86_64-debian-gcc | 0.9.6 | 68.59 | 175.42 | 244.01 | NOTE | |
r-devel-linux-x86_64-fedora-clang | 0.9.6 | 437.87 | WARN | |||
r-devel-linux-x86_64-fedora-gcc | 0.9.6 | 433.45 | OK | |||
r-devel-windows-x86_64 | 0.9.6 | 77.00 | 205.00 | 282.00 | OK | |
r-patched-linux-x86_64 | 0.9.6 | 63.05 | 227.71 | 290.76 | OK | |
r-release-linux-x86_64 | 0.9.6 | 57.99 | 228.80 | 286.79 | OK | |
r-release-macos-arm64 | 0.9.6 | 112.00 | OK | |||
r-release-macos-x86_64 | 0.9.6 | 190.00 | OK | |||
r-release-windows-x86_64 | 0.9.6 | 107.00 | 260.00 | 367.00 | OK | |
r-oldrel-macos-arm64 | 0.9.6 | 88.00 | OK | |||
r-oldrel-macos-x86_64 | 0.9.6 | 134.00 | OK | |||
r-oldrel-windows-x86_64 | 0.9.6 | 101.00 | 233.00 | 334.00 | OK |
Version: 0.9.6
Check: whether package can be installed
Result: WARN
Found the following significant warnings:
svm.cpp:50:13: warning: format string is not a string literal (potentially insecure) [-Wformat-security]
See ‘/home/hornik/tmp/R.check/r-devel-clang/Work/PKGS/RSSL.Rcheck/00install.out’ for details.
* used C compiler: ‘Debian clang version 17.0.5 (1)’
* used C++ compiler: ‘Debian clang version 17.0.5 (1)’
Flavor: r-devel-linux-x86_64-debian-clang
Version: 0.9.6
Check: Rd files
Result: NOTE
checkRd: (-1) projection_simplex.Rd:16: Lost braces; missing escapes or markup?
16 | Dn = { x : x n-dim, 1 >= x >= 0, sum(x) = 1}
| ^
Flavors: r-devel-linux-x86_64-debian-clang, r-devel-linux-x86_64-debian-gcc
Version: 0.9.6
Check: whether package can be installed
Result: WARN
Found the following significant warnings:
svm.cpp:50:13: warning: format string is not a string literal (potentially insecure) [-Wformat-security]
See ‘/data/gannet/ripley/R/packages/tests-clang/RSSL.Rcheck/00install.out’ for details.
* used C compiler: ‘clang version 17.0.5’
* used C++ compiler: ‘clang version 17.0.5’
Flavor: r-devel-linux-x86_64-fedora-clang