Last updated on 2023-12-04 05:09:20 CET.
Flavor | Version | Tinstall | Tcheck | Ttotal | Status | Flags |
---|---|---|---|---|---|---|
r-devel-linux-x86_64-debian-clang | 2.3.3 | 184.17 | 84.08 | 268.25 | WARN | |
r-devel-linux-x86_64-debian-gcc | 2.3.3 | 160.22 | 64.29 | 224.51 | WARN | |
r-devel-linux-x86_64-fedora-clang | 2.3.3 | 352.07 | WARN | |||
r-devel-linux-x86_64-fedora-gcc | 2.3.3 | 432.39 | WARN | |||
r-devel-windows-x86_64 | 2.3.3 | 178.00 | 116.00 | 294.00 | WARN | |
r-patched-linux-x86_64 | 2.3.3 | 205.55 | 82.05 | 287.60 | OK | |
r-release-linux-x86_64 | 2.3.3 | 175.50 | 81.61 | 257.11 | OK | |
r-release-macos-arm64 | 2.3.3 | 106.00 | NOTE | |||
r-release-macos-x86_64 | 2.3.3 | 206.00 | NOTE | |||
r-release-windows-x86_64 | 2.3.3 | 215.00 | 134.00 | 349.00 | OK | |
r-oldrel-macos-arm64 | 2.3.3 | 101.00 | NOTE | |||
r-oldrel-macos-x86_64 | 2.3.1 | 134.00 | NOTE | |||
r-oldrel-windows-x86_64 | 2.3.3 | 199.00 | 122.00 | 321.00 | OK |
Version: 2.3.3
Check: whether package can be installed
Result: WARN
Found the following significant warnings:
connection.cpp:62:7: warning: format specifies type 'int' but the argument has type 'long' [-Wformat]
See ‘/home/hornik/tmp/R.check/r-devel-clang/Work/PKGS/RSQLite.Rcheck/00install.out’ for details.
* used C compiler: ‘Debian clang version 17.0.5 (1)’
* used C++ compiler: ‘Debian clang version 17.0.5 (1)’
Flavor: r-devel-linux-x86_64-debian-clang
Version: 2.3.3
Check: whether package can be installed
Result: WARN
Found the following significant warnings:
connection.cpp:61:19: warning: format ‘%i’ expects argument of type ‘int’, but argument 2 has type ‘long int’ [-Wformat=]
See ‘/home/hornik/tmp/R.check/r-devel-gcc/Work/PKGS/RSQLite.Rcheck/00install.out’ for details.
* used C compiler: ‘gcc-13 (Debian 13.2.0-5) 13.2.0’
* used C++ compiler: ‘g++-13 (Debian 13.2.0-5) 13.2.0’
Flavor: r-devel-linux-x86_64-debian-gcc
Version: 2.3.3
Check: whether package can be installed
Result: WARN
Found the following significant warnings:
connection.cpp:62:7: warning: format specifies type 'int' but the argument has type 'long' [-Wformat]
See ‘/data/gannet/ripley/R/packages/tests-clang/RSQLite.Rcheck/00install.out’ for details.
* used C compiler: ‘clang version 17.0.5’
* used C++ compiler: ‘clang version 17.0.5’
Flavor: r-devel-linux-x86_64-fedora-clang
Version: 2.3.3
Check: whether package can be installed
Result: WARN
Found the following significant warnings:
connection.cpp:61:19: warning: format '%i' expects argument of type 'int', but argument 2 has type 'long int' [-Wformat=]
See ‘/data/gannet/ripley/R/packages/tests-devel/RSQLite.Rcheck/00install.out’ for details.
* used C compiler: ‘gcc-13 (GCC) 13.2.0’
* used C++ compiler: ‘g++-13 (GCC) 13.2.0’
Flavor: r-devel-linux-x86_64-fedora-gcc
Version: 2.3.3
Check: whether package can be installed
Result: WARN
Found the following significant warnings:
connection.cpp:61:19: warning: format '%i' expects argument of type 'int', but argument 2 has type 'long int' [-Wformat=]
See 'd:/Rcompile/CRANpkg/local/4.4/RSQLite.Rcheck/00install.out' for details.
* used C compiler: 'gcc.exe (GCC) 12.3.0'
* used C++ compiler: 'g++.exe (GCC) 12.3.0'
Flavor: r-devel-windows-x86_64
Version: 2.3.3
Check: installed package size
Result: NOTE
installed size is 12.1Mb
sub-directories of 1Mb or more:
libs 11.4Mb
Flavors: r-release-macos-arm64, r-release-macos-x86_64, r-oldrel-macos-arm64
Version: 2.3.1
Check: installed package size
Result: NOTE
installed size is 12.2Mb
sub-directories of 1Mb or more:
libs 11.5Mb
Flavor: r-oldrel-macos-x86_64