CRAN Package Check Results for Package RSDK

Last updated on 2024-03-04 04:51:41 CET.

Flavor Version Tinstall Tcheck Ttotal Status Flags
r-devel-linux-x86_64-debian-clang 1.0.1 3.00 31.52 34.52 OK
r-devel-linux-x86_64-debian-gcc 1.0.1 2.22 23.52 25.74 OK
r-devel-linux-x86_64-fedora-clang 1.0.1 41.60 NOTE
r-devel-linux-x86_64-fedora-gcc 1.0.1 41.04 NOTE
r-devel-windows-x86_64 1.0.1 4.00 46.00 50.00 OK
r-patched-linux-x86_64 1.0.1 2.95 30.40 33.35 OK
r-release-linux-x86_64 1.0.1 1.74 30.63 32.37 OK
r-release-macos-arm64 1.0.1 20.00 OK
r-release-macos-x86_64 1.0.1 27.00 OK
r-release-windows-x86_64 1.0.1 5.00 46.00 51.00 OK
r-oldrel-macos-arm64 1.0.1 20.00 NOTE
r-oldrel-windows-x86_64 1.0.1 4.00 52.00 56.00 OK

Check Details

Version: 1.0.1
Check: dependencies in R code
Result: NOTE Namespaces in Imports field not imported from: ‘keys’ ‘shinyWidgets’ ‘testthat’ All declared Imports should be used. Flavors: r-devel-linux-x86_64-fedora-clang, r-devel-linux-x86_64-fedora-gcc, r-oldrel-macos-arm64