CRAN Package Check Results for Package RRI

Last updated on 2024-02-20 04:24:06 CET.

Flavor Version Tinstall Tcheck Ttotal Status Flags
r-devel-linux-x86_64-debian-clang 1.1 NOTE
r-devel-linux-x86_64-debian-gcc 1.1 30.27 32.07 62.34 NOTE
r-devel-linux-x86_64-fedora-clang 1.1 113.39 NOTE
r-devel-linux-x86_64-fedora-gcc 1.1 118.18 NOTE
r-devel-windows-x86_64 1.1 29.00 76.00 105.00 NOTE
r-patched-linux-x86_64 1.1 32.82 42.84 75.66 NOTE
r-release-linux-x86_64 1.1 39.79 41.85 81.64 NOTE
r-release-macos-arm64 1.1 33.00 NOTE
r-release-macos-x86_64 1.1 51.00 NOTE
r-release-windows-x86_64 1.1 37.00 83.00 120.00 NOTE
r-oldrel-macos-arm64 1.1 31.00 NOTE
r-oldrel-windows-x86_64 1.1 36.00 76.00 112.00 NOTE

Check Details

Version: 1.1
Check: Rd files
Result: NOTE checkRd: (-1) rrinf_clust.Rd:24: Lost braces; missing escapes or markup? 24 | \item{clustering}{A \code{List} that specifies a clustering of datapoint indexes {1, ..., n}. See \link{example_clustering} for details.} | ^ checkRd: (-1) rrtest_clust.Rd:21: Lost braces; missing escapes or markup? 21 | \item{clustering}{A \code{List} that specifies a clustering of datapoint indexes {1, ..., n}. | ^ Flavors: r-devel-linux-x86_64-debian-clang, r-devel-linux-x86_64-debian-gcc

Version: 1.1
Check: LazyData
Result: NOTE 'LazyData' is specified without a 'data' directory Flavors: r-devel-linux-x86_64-debian-clang, r-devel-linux-x86_64-debian-gcc, r-devel-linux-x86_64-fedora-clang, r-devel-linux-x86_64-fedora-gcc, r-devel-windows-x86_64, r-patched-linux-x86_64, r-release-linux-x86_64, r-release-macos-arm64, r-release-macos-x86_64, r-release-windows-x86_64, r-oldrel-macos-arm64, r-oldrel-windows-x86_64