Last updated on 2023-11-28 04:57:32 CET.
Flavor | Version | Tinstall | Tcheck | Ttotal | Status | Flags |
---|---|---|---|---|---|---|
r-devel-linux-x86_64-debian-clang | 0.4.19 | 721.90 | 58.69 | 780.59 | NOTE | |
r-devel-linux-x86_64-debian-gcc | 0.4.20 | 708.30 | 44.33 | 752.63 | OK | |
r-devel-linux-x86_64-fedora-gcc | 0.4.20 | 1688.07 | NOTE | |||
r-devel-windows-x86_64 | 0.4.20 | 571.00 | 155.00 | 726.00 | NOTE | |
r-patched-linux-x86_64 | 0.4.19 | 825.62 | 56.59 | 882.21 | NOTE | |
r-release-linux-x86_64 | 0.4.19 | 835.98 | 56.88 | 892.86 | NOTE | |
r-release-macos-arm64 | 0.4.20 | 204.00 | WARN | |||
r-release-macos-x86_64 | 0.4.20 | 216.00 | NOTE | |||
r-release-windows-x86_64 | 0.4.20 | 639.00 | 162.00 | 801.00 | NOTE | |
r-oldrel-macos-arm64 | 0.4.20 | 201.00 | WARN | |||
r-oldrel-macos-x86_64 | 0.4.19 | 337.00 | NOTE | |||
r-oldrel-windows-x86_64 | 0.4.20 | 587.00 | 156.00 | 743.00 | NOTE |
Version: 0.4.19
Check: C++ specification
Result: NOTE
Specified C++14: please drop specification unless essential
Flavors: r-devel-linux-x86_64-debian-clang, r-patched-linux-x86_64, r-release-linux-x86_64
Version: 0.4.19
Check: Rd files
Result: NOTE
checkRd: (-1) AffineSwaption.Rd:16: Lost braces; missing escapes or markup?
16 | exercisable at the start of the swap if {params$european} flag is set to {TRUE} or
| ^
checkRd: (-1) AffineSwaption.Rd:16: Lost braces; missing escapes or markup?
16 | exercisable at the start of the swap if {params$european} flag is set to {TRUE} or
| ^
checkRd: (-1) AffineSwaption.Rd:17: Lost braces; missing escapes or markup?
17 | on each reset date (Bermudan) of the underlying swap if {params$european} flag is
| ^
checkRd: (-1) AffineSwaption.Rd:18: Lost braces; missing escapes or markup?
18 | set to {FALSE}.
| ^
checkRd: (-1) BermudanSwaption.Rd:62: Lost braces; missing escapes or markup?
62 | If there are insufficient swaption vols to calibrate it throws a warning and returns {NULL}
| ^
checkRd: (-1) SabrSwaption.Rd:9: Lost braces; missing escapes or markup?
9 | An example of a dataset can be found in the dataset {rqlib} inlcuded with Rquantlib. It is assumed that the
| ^
checkRd: (-1) SabrSwaption.Rd:11: Lost braces; missing escapes or markup?
11 | exercisable at the start of a forward start swap if {params$european} flag is set to {TRUE} or starting
| ^
checkRd: (-1) SabrSwaption.Rd:11: Lost braces; missing escapes or markup?
11 | exercisable at the start of a forward start swap if {params$european} flag is set to {TRUE} or starting
| ^
checkRd: (-1) SabrSwaption.Rd:13: Lost braces; missing escapes or markup?
13 | swap if {params$european} flag is set to {FALSE}.
| ^
checkRd: (-1) SabrSwaption.Rd:13: Lost braces; missing escapes or markup?
13 | swap if {params$european} flag is set to {FALSE}.
| ^
Flavor: r-devel-linux-x86_64-debian-clang
Version: 0.4.20
Check: top-level files
Result: NOTE
Non-standard file/directory found at top level:
‘config.log’
Flavor: r-devel-linux-x86_64-fedora-gcc
Version: 0.4.20
Check: installed package size
Result: NOTE
installed size is 14.2Mb
sub-directories of 1Mb or more:
libs 13.6Mb
Flavors: r-devel-windows-x86_64, r-release-macos-arm64, r-release-macos-x86_64, r-release-windows-x86_64, r-oldrel-macos-arm64, r-oldrel-windows-x86_64
Version: 0.4.20
Check: whether package can be installed
Result: WARN
Found the following significant warnings:
/opt/R/arm64/include/boost/math/tools/config.hpp:23:6: warning: "The minimum language standard to use Boost.Math will be C++14 starting in July 2023 (Boost 1.82 release)" [-W#warnings]
# warning "The minimum language standard to use Boost.Math will be C++14 starting in July 2023 (Boost 1.82 release)"
See ‘/Volumes/Builds/packages/big-sur-arm64/results/4.3/RQuantLib.Rcheck/00install.out’ for details.
* used C++ compiler: ‘Apple clang version 14.0.0 (clang-1400.0.29.202)’
* used SDK: ‘MacOSX11.3.sdk’
Flavor: r-release-macos-arm64
Version: 0.4.20
Check: whether package can be installed
Result: WARN
Found the following significant warnings:
/opt/R/arm64/include/boost/math/tools/config.hpp:23:6: warning: "The minimum language standard to use Boost.Math will be C++14 starting in July 2023 (Boost 1.82 release)" [-W#warnings]
# warning "The minimum language standard to use Boost.Math will be C++14 starting in July 2023 (Boost 1.82 release)"
Flavor: r-oldrel-macos-arm64
Version: 0.4.19
Check: installed package size
Result: NOTE
installed size is 93.7Mb
sub-directories of 1Mb or more:
libs 93.1Mb
Flavor: r-oldrel-macos-x86_64