CRAN Package Check Results for Package RPyGeo

Last updated on 2023-12-07 04:56:36 CET.

Flavor Version Tinstall Tcheck Ttotal Status Flags
r-devel-linux-x86_64-debian-clang 1.0.0 2.17 42.05 44.22 NOTE
r-devel-linux-x86_64-debian-gcc 1.0.0 1.84 32.25 34.09 NOTE
r-devel-linux-x86_64-fedora-clang 1.0.0 54.53 NOTE
r-devel-linux-x86_64-fedora-gcc 1.0.0 64.18 NOTE
r-devel-windows-x86_64 1.0.0 4.00 55.00 59.00 NOTE
r-patched-linux-x86_64 1.0.0 2.50 39.90 42.40 NOTE
r-release-linux-x86_64 1.0.0 2.00 40.45 42.45 NOTE
r-release-macos-arm64 1.0.0 27.00 NOTE
r-release-macos-x86_64 1.0.0 39.00 NOTE
r-release-windows-x86_64 1.0.0 5.00 71.00 76.00 NOTE
r-oldrel-macos-arm64 1.0.0 18.00 NOTE
r-oldrel-macos-x86_64 1.0.0 30.00 NOTE
r-oldrel-windows-x86_64 1.0.0 5.00 64.00 69.00 NOTE

Check Details

Version: 1.0.0
Check: LazyData
Result: NOTE 'LazyData' is specified without a 'data' directory Flavors: r-devel-linux-x86_64-debian-clang, r-devel-linux-x86_64-debian-gcc, r-devel-linux-x86_64-fedora-clang, r-devel-linux-x86_64-fedora-gcc, r-devel-windows-x86_64, r-patched-linux-x86_64, r-release-linux-x86_64, r-release-macos-arm64, r-release-macos-x86_64, r-release-windows-x86_64, r-oldrel-macos-arm64, r-oldrel-macos-x86_64, r-oldrel-windows-x86_64