Last updated on 2023-11-28 04:57:31 CET.
Flavor | Version | Tinstall | Tcheck | Ttotal | Status | Flags |
---|---|---|---|---|---|---|
r-devel-linux-x86_64-debian-clang | 1.4.6 | 76.96 | 63.65 | 140.61 | OK | |
r-devel-linux-x86_64-debian-gcc | 1.4.6 | 45.93 | 48.64 | 94.57 | OK | |
r-devel-linux-x86_64-fedora-clang | 1.4.6 | 198.48 | OK | |||
r-devel-linux-x86_64-fedora-gcc | 1.4.6 | 211.28 | OK | |||
r-devel-windows-x86_64 | 1.4.6 | 136.00 | 325.00 | 461.00 | NOTE | |
r-patched-linux-x86_64 | 1.4.6 | 68.32 | 62.33 | 130.65 | OK | |
r-release-linux-x86_64 | 1.4.6 | 60.57 | 60.76 | 121.33 | OK | |
r-release-macos-arm64 | 1.4.6 | 66.00 | NOTE | |||
r-release-macos-x86_64 | 1.4.6 | 117.00 | NOTE | |||
r-release-windows-x86_64 | 1.4.6 | 174.00 | 355.00 | 529.00 | NOTE | |
r-oldrel-macos-arm64 | 1.4.6 | 68.00 | NOTE | |||
r-oldrel-macos-x86_64 | 1.4.5 | 120.00 | NOTE | |||
r-oldrel-windows-x86_64 | 1.4.6 | 146.00 | 332.00 | 478.00 | NOTE |
Version: 1.4.6
Check: installed package size
Result: NOTE
installed size is 6.5Mb
sub-directories of 1Mb or more:
libs 6.0Mb
Flavors: r-devel-windows-x86_64, r-release-macos-arm64, r-release-macos-x86_64, r-release-windows-x86_64, r-oldrel-macos-arm64, r-oldrel-windows-x86_64
Version: 1.4.5
Check: installed package size
Result: NOTE
installed size is 7.4Mb
sub-directories of 1Mb or more:
libs 6.9Mb
Flavor: r-oldrel-macos-x86_64