Last updated on 2023-12-04 05:09:19 CET.
Flavor | Version | Tinstall | Tcheck | Ttotal | Status | Flags |
---|---|---|---|---|---|---|
r-devel-linux-x86_64-debian-clang | 1.4.8 | 22.39 | 168.03 | 190.42 | OK | |
r-devel-linux-x86_64-debian-gcc | 1.4.8 | 17.65 | 122.96 | 140.61 | OK | |
r-devel-linux-x86_64-fedora-clang | 1.4.8 | 249.48 | NOTE | |||
r-devel-linux-x86_64-fedora-gcc | 1.4.8 | 232.24 | OK | |||
r-devel-windows-x86_64 | 1.4.8 | 20.00 | 153.00 | 173.00 | NOTE | |
r-patched-linux-x86_64 | 1.4.8 | 14.48 | 156.92 | 171.40 | OK | |
r-release-linux-x86_64 | 1.4.8 | 16.08 | 158.02 | 174.10 | OK | |
r-release-macos-arm64 | 1.4.8 | 71.00 | NOTE | |||
r-release-macos-x86_64 | 1.4.8 | 177.00 | NOTE | |||
r-release-windows-x86_64 | 1.4.8 | 24.00 | 182.00 | 206.00 | NOTE | |
r-oldrel-macos-arm64 | 1.4.8 | 69.00 | NOTE | |||
r-oldrel-macos-x86_64 | 1.4.8 | 96.00 | NOTE | |||
r-oldrel-windows-x86_64 | 1.4.8 | 26.00 | 183.00 | 209.00 | NOTE |
Version: 1.4.8
Check: installed package size
Result: NOTE
installed size is 5.4Mb
sub-directories of 1Mb or more:
extdata 4.6Mb
Flavors: r-devel-linux-x86_64-fedora-clang, r-devel-windows-x86_64, r-release-macos-arm64, r-release-macos-x86_64, r-release-windows-x86_64, r-oldrel-macos-arm64, r-oldrel-macos-x86_64, r-oldrel-windows-x86_64