Last updated on 2023-12-06 04:56:04 CET.
Flavor | Version | Tinstall | Tcheck | Ttotal | Status | Flags |
---|---|---|---|---|---|---|
r-devel-linux-x86_64-debian-clang | 1.0.10 | 21.27 | 138.41 | 159.68 | OK | |
r-devel-linux-x86_64-debian-gcc | 1.0.10 | 16.39 | 104.86 | 121.25 | OK | |
r-devel-linux-x86_64-fedora-clang | 1.0.10 | 210.20 | NOTE | |||
r-devel-linux-x86_64-fedora-gcc | 1.0.10 | 220.13 | NOTE | |||
r-devel-windows-x86_64 | 1.0.10 | 18.00 | 128.00 | 146.00 | OK | |
r-patched-linux-x86_64 | 1.0.10 | 21.17 | 134.10 | 155.27 | OK | |
r-release-linux-x86_64 | 1.0.10 | 17.53 | 135.19 | 152.72 | OK | |
r-release-macos-arm64 | 1.0.10 | 73.00 | OK | |||
r-release-macos-x86_64 | 1.0.10 | 153.00 | OK | |||
r-release-windows-x86_64 | 1.0.10 | 22.00 | 146.00 | 168.00 | OK | |
r-oldrel-macos-arm64 | 1.0.10 | 63.00 | OK | |||
r-oldrel-macos-x86_64 | 1.0.10 | 84.00 | OK | |||
r-oldrel-windows-x86_64 | 1.0.10 | 23.00 | 147.00 | 170.00 | OK |
Version: 1.0.10
Check: dependencies in R code
Result: NOTE
Namespaces in Imports field not imported from:
‘SparseM’ ‘nlme’ ‘timeDate’
All declared Imports should be used.
Flavors: r-devel-linux-x86_64-fedora-clang, r-devel-linux-x86_64-fedora-gcc