CRAN Package Check Results for Package ROptSpace

Last updated on 2024-02-27 04:50:48 CET.

Flavor Version Tinstall Tcheck Ttotal Status Flags
r-devel-linux-x86_64-debian-clang 0.2.3 26.14 33.82 59.96 NOTE
r-devel-linux-x86_64-debian-gcc 0.2.3 21.05 26.24 47.29 NOTE
r-devel-linux-x86_64-fedora-clang 0.2.3 91.43 NOTE
r-devel-linux-x86_64-fedora-gcc 0.2.3 85.71 NOTE
r-devel-windows-x86_64 0.2.3 24.00 69.00 93.00 NOTE
r-patched-linux-x86_64 0.2.3 30.07 32.93 63.00 NOTE
r-release-linux-x86_64 0.2.3 28.47 32.84 61.31 NOTE
r-release-macos-arm64 0.2.3 30.00 NOTE
r-release-macos-x86_64 0.2.3 45.00 NOTE
r-release-windows-x86_64 0.2.3 31.00 75.00 106.00 NOTE
r-oldrel-macos-arm64 0.2.3 32.00 OK
r-oldrel-windows-x86_64 0.2.3 30.00 80.00 110.00 OK

Check Details

Version: 0.2.3
Check: C++ specification
Result: NOTE Specified C++11: please drop specification unless essential Flavors: r-devel-linux-x86_64-debian-clang, r-devel-linux-x86_64-debian-gcc, r-devel-linux-x86_64-fedora-clang, r-devel-linux-x86_64-fedora-gcc, r-devel-windows-x86_64, r-patched-linux-x86_64, r-release-linux-x86_64, r-release-macos-arm64, r-release-macos-x86_64, r-release-windows-x86_64