CRAN Package Check Results for Package ROpenWeatherMap

Last updated on 2023-12-10 04:56:11 CET.

Flavor Version Tinstall Tcheck Ttotal Status Flags
r-devel-linux-x86_64-debian-clang 1.1 3.14 28.98 32.12 NOTE
r-devel-linux-x86_64-debian-gcc 1.1 2.23 22.19 24.42 NOTE
r-devel-linux-x86_64-fedora-clang 1.1 39.20 NOTE
r-devel-linux-x86_64-fedora-gcc 1.1 36.93 NOTE
r-devel-windows-x86_64 1.1 4.00 43.00 47.00 NOTE
r-patched-linux-x86_64 1.1 3.10 28.03 31.13 NOTE
r-release-linux-x86_64 1.1 2.78 28.14 30.92 NOTE
r-release-macos-arm64 1.1 16.00 NOTE
r-release-macos-x86_64 1.1 22.00 NOTE
r-release-windows-x86_64 1.1 4.00 44.00 48.00 NOTE
r-oldrel-macos-arm64 1.1 14.00 NOTE
r-oldrel-macos-x86_64 1.1 25.00 NOTE
r-oldrel-windows-x86_64 1.1 5.00 47.00 52.00 NOTE

Check Details

Version: 1.1
Check: LazyData
Result: NOTE 'LazyData' is specified without a 'data' directory Flavors: r-devel-linux-x86_64-debian-clang, r-devel-linux-x86_64-debian-gcc, r-devel-linux-x86_64-fedora-clang, r-devel-linux-x86_64-fedora-gcc, r-devel-windows-x86_64, r-patched-linux-x86_64, r-release-linux-x86_64, r-release-macos-arm64, r-release-macos-x86_64, r-release-windows-x86_64, r-oldrel-macos-arm64, r-oldrel-macos-x86_64, r-oldrel-windows-x86_64