Last updated on 2023-12-06 04:56:04 CET.
Flavor | Version | Tinstall | Tcheck | Ttotal | Status | Flags |
---|---|---|---|---|---|---|
r-devel-linux-x86_64-debian-clang | 0.0-4 | 2.77 | 28.08 | 30.85 | OK | |
r-devel-linux-x86_64-debian-gcc | 0.0-4 | 2.07 | 21.67 | 23.74 | OK | |
r-devel-linux-x86_64-fedora-clang | 0.0-4 | 38.60 | NOTE | |||
r-devel-linux-x86_64-fedora-gcc | 0.0-4 | 36.45 | OK | |||
r-devel-windows-x86_64 | 0.0-4 | 4.00 | 45.00 | 49.00 | OK | |
r-patched-linux-x86_64 | 0.0-4 | 2.86 | 27.39 | 30.25 | OK | |
r-release-linux-x86_64 | 0.0-4 | 2.88 | 27.45 | 30.33 | OK | |
r-release-macos-arm64 | 0.0-4 | 18.00 | OK | |||
r-release-macos-x86_64 | 0.0-4 | 21.00 | OK | |||
r-release-windows-x86_64 | 0.0-4 | 4.00 | 46.00 | 50.00 | OK | |
r-oldrel-macos-arm64 | 0.0-4 | 16.00 | OK | |||
r-oldrel-macos-x86_64 | 0.0-4 | 23.00 | OK | |||
r-oldrel-windows-x86_64 | 0.0-4 | 4.00 | 46.00 | 50.00 | OK |
Version: 0.0-4
Check: Rd cross-references
Result: NOTE
Undeclared package ‘pROC’ in Rd xrefs
Flavor: r-devel-linux-x86_64-fedora-clang