Last updated on 2023-12-10 04:56:10 CET.
Flavor | Version | Tinstall | Tcheck | Ttotal | Status | Flags |
---|---|---|---|---|---|---|
r-devel-linux-x86_64-debian-clang | 1.3.1 | 50.13 | 54.02 | 104.15 | OK | |
r-devel-linux-x86_64-debian-gcc | 1.3.1 | 37.72 | 41.21 | 78.93 | OK | |
r-devel-linux-x86_64-fedora-clang | 1.3.1 | 153.34 | OK | |||
r-devel-linux-x86_64-fedora-gcc | 1.3.1 | 141.66 | OK | |||
r-devel-windows-x86_64 | 1.3.1 | 88.00 | 173.00 | 261.00 | OK | |
r-patched-linux-x86_64 | 1.3.1 | 50.05 | 53.39 | 103.44 | OK | |
r-release-linux-x86_64 | 1.3.1 | 40.66 | 52.61 | 93.27 | OK | |
r-release-macos-arm64 | 1.3.1 | 50.00 | NOTE | |||
r-release-macos-x86_64 | 1.3.1 | 75.00 | NOTE | |||
r-release-windows-x86_64 | 1.3.1 | 109.00 | 183.00 | 292.00 | OK | |
r-oldrel-macos-arm64 | 1.3.1 | 46.00 | NOTE | |||
r-oldrel-macos-x86_64 | 1.3.0 | 62.00 | NOTE | |||
r-oldrel-windows-x86_64 | 1.3.1 | 89.00 | 179.00 | 268.00 | OK |
Version: 1.3.1
Check: installed package size
Result: NOTE
installed size is 5.2Mb
sub-directories of 1Mb or more:
libs 4.8Mb
Flavors: r-release-macos-arm64, r-release-macos-x86_64, r-oldrel-macos-arm64
Version: 1.3.0
Check: installed package size
Result: NOTE
installed size is 6.0Mb
sub-directories of 1Mb or more:
libs 5.6Mb
Flavor: r-oldrel-macos-x86_64