CRAN Package Check Results for Package RKelly

Last updated on 2024-05-29 05:59:31 CEST.

Flavor Version Tinstall Tcheck Ttotal Status Flags
r-devel-linux-x86_64-debian-clang 1.0 1.84 28.01 29.85 NOTE
r-devel-linux-x86_64-debian-gcc 1.0 1.56 21.71 23.27 NOTE
r-devel-linux-x86_64-fedora-clang 1.0 38.82 NOTE
r-devel-linux-x86_64-fedora-gcc 1.0 49.41 NOTE
r-devel-windows-x86_64 1.0 3.00 44.00 47.00 NOTE
r-patched-linux-x86_64 1.0 2.12 27.23 29.35 NOTE
r-release-linux-x86_64 1.0 1.72 26.58 28.30 NOTE
r-release-macos-arm64 1.0 20.00 NOTE
r-release-windows-x86_64 1.0 2.00 44.00 46.00 NOTE
r-oldrel-macos-arm64 1.0 21.00 NOTE
r-oldrel-macos-x86_64 1.0 29.00 NOTE
r-oldrel-windows-x86_64 1.0 4.00 45.00 49.00 NOTE

Check Details

Version: 1.0
Check: LazyData
Result: NOTE 'LazyData' is specified without a 'data' directory Flavors: r-devel-linux-x86_64-debian-clang, r-devel-linux-x86_64-debian-gcc, r-devel-linux-x86_64-fedora-clang, r-devel-linux-x86_64-fedora-gcc, r-devel-windows-x86_64, r-patched-linux-x86_64, r-release-linux-x86_64, r-release-macos-arm64, r-release-windows-x86_64, r-oldrel-macos-arm64, r-oldrel-macos-x86_64, r-oldrel-windows-x86_64