Last updated on 2023-12-03 04:56:19 CET.
Flavor | Version | Tinstall | Tcheck | Ttotal | Status | Flags |
---|---|---|---|---|---|---|
r-devel-linux-x86_64-debian-clang | 3.2.4 | 123.38 | 59.26 | 182.64 | NOTE | |
r-devel-linux-x86_64-debian-gcc | 3.2.4 | 90.71 | 45.44 | 136.15 | NOTE | |
r-devel-linux-x86_64-fedora-clang | 3.2.4 | 278.34 | NOTE | |||
r-devel-linux-x86_64-fedora-gcc | 3.2.4 | 280.90 | NOTE | |||
r-devel-windows-x86_64 | 3.2.4 | 92.00 | 94.00 | 186.00 | NOTE | |
r-patched-linux-x86_64 | 3.2.4 | 77.45 | 57.44 | 134.89 | NOTE | |
r-release-linux-x86_64 | 3.2.4 | 75.12 | 57.90 | 133.02 | NOTE | |
r-release-macos-arm64 | 3.2.4 | 74.00 | NOTE | |||
r-release-macos-x86_64 | 3.2.4 | 110.00 | NOTE | |||
r-release-windows-x86_64 | 3.2.4 | 128.00 | 98.00 | 226.00 | NOTE | |
r-oldrel-macos-arm64 | 3.2.4 | 56.00 | OK | |||
r-oldrel-macos-x86_64 | 3.2.4 | 78.00 | OK | |||
r-oldrel-windows-x86_64 | 3.2.4 | 119.00 | 96.00 | 215.00 | OK |
Version: 3.2.4
Check: C++ specification
Result: NOTE
Specified C++11: please drop specification unless essential
Flavors: r-devel-linux-x86_64-debian-clang, r-devel-linux-x86_64-debian-gcc, r-devel-linux-x86_64-fedora-clang, r-devel-linux-x86_64-fedora-gcc, r-devel-windows-x86_64, r-patched-linux-x86_64, r-release-linux-x86_64, r-release-macos-arm64, r-release-macos-x86_64, r-release-windows-x86_64