CRAN Package Check Results for Package RISmed

Last updated on 2024-02-26 04:49:38 CET.

Flavor Version Tinstall Tcheck Ttotal Status Flags
r-devel-linux-x86_64-debian-clang 2.3.0 6.98 49.25 56.23 OK
r-devel-linux-x86_64-debian-gcc 2.3.0 5.99 37.55 43.54 OK
r-devel-linux-x86_64-fedora-clang 2.3.0 70.75 NOTE
r-devel-linux-x86_64-fedora-gcc 2.3.0 68.04 NOTE
r-devel-windows-x86_64 2.3.0 9.00 82.00 91.00 OK
r-patched-linux-x86_64 2.3.0 9.63 48.37 58.00 OK
r-release-linux-x86_64 2.3.0 8.53 48.67 57.20 OK
r-release-macos-arm64 2.3.0 26.00 OK
r-release-macos-x86_64 2.3.0 34.00 OK
r-release-windows-x86_64 2.3.0 12.00 89.00 101.00 OK
r-oldrel-macos-arm64 2.3.0 24.00 NOTE
r-oldrel-windows-x86_64 2.3.0 13.00 93.00 106.00 OK

Check Details

Version: 2.3.0
Check: dependencies in R code
Result: NOTE Namespace in Imports field not imported from: ‘httr’ All declared Imports should be used. Flavors: r-devel-linux-x86_64-fedora-clang, r-devel-linux-x86_64-fedora-gcc, r-oldrel-macos-arm64

Version: 2.3.0
Check: data for non-ASCII characters
Result: NOTE Note: found 243 marked UTF-8 strings Flavors: r-devel-linux-x86_64-fedora-clang, r-devel-linux-x86_64-fedora-gcc, r-oldrel-macos-arm64