CRAN Package Check Results for Package RGoogleAnalyticsPremium

Last updated on 2023-11-29 04:57:33 CET.

Flavor Version Tinstall Tcheck Ttotal Status Flags
r-devel-linux-x86_64-debian-clang 0.1.1 3.91 32.51 36.42 NOTE
r-devel-linux-x86_64-debian-gcc 0.1.1 2.89 25.30 28.19 NOTE
r-devel-linux-x86_64-fedora-clang 0.1.1 45.38 NOTE
r-devel-linux-x86_64-fedora-gcc 0.1.1 43.30 NOTE
r-devel-windows-x86_64 0.1.1 4.00 48.00 52.00 NOTE
r-patched-linux-x86_64 0.1.1 3.95 32.63 36.58 NOTE
r-release-linux-x86_64 0.1.1 3.92 32.04 35.96 NOTE
r-release-macos-arm64 0.1.1 19.00 NOTE
r-release-macos-x86_64 0.1.1 25.00 NOTE
r-release-windows-x86_64 0.1.1 5.00 48.00 53.00 NOTE
r-oldrel-macos-arm64 0.1.1 23.00 NOTE
r-oldrel-macos-x86_64 0.1.1 28.00 NOTE
r-oldrel-windows-x86_64 0.1.1 5.00 58.00 63.00 NOTE

Check Details

Version: 0.1.1
Check: LazyData
Result: NOTE 'LazyData' is specified without a 'data' directory Flavors: r-devel-linux-x86_64-debian-clang, r-devel-linux-x86_64-debian-gcc, r-devel-linux-x86_64-fedora-clang, r-devel-linux-x86_64-fedora-gcc, r-devel-windows-x86_64, r-patched-linux-x86_64, r-release-linux-x86_64, r-release-macos-arm64, r-release-macos-x86_64, r-release-windows-x86_64, r-oldrel-macos-arm64, r-oldrel-macos-x86_64, r-oldrel-windows-x86_64