CRAN Package Check Results for Package REndo

Last updated on 2024-03-01 04:51:53 CET.

Flavor Version Tinstall Tcheck Ttotal Status Flags
r-devel-linux-x86_64-debian-clang 2.4.9 36.45 300.39 336.84 NOTE
r-devel-linux-x86_64-debian-gcc 2.4.9 30.48 223.66 254.14 NOTE
r-devel-linux-x86_64-fedora-clang 2.4.9 409.94 NOTE
r-devel-linux-x86_64-fedora-gcc 2.4.9 438.80 NOTE
r-devel-windows-x86_64 2.4.9 34.00 278.00 312.00 OK
r-patched-linux-x86_64 2.4.9 39.37 286.67 326.04 OK
r-release-linux-x86_64 2.4.9 36.78 285.42 322.20 OK
r-release-macos-arm64 2.4.9 112.00 OK
r-release-macos-x86_64 2.4.9 189.00 OK
r-release-windows-x86_64 2.4.9 43.00 364.00 407.00 OK
r-oldrel-macos-arm64 2.4.9 108.00 OK
r-oldrel-windows-x86_64 2.4.9 39.00 335.00 374.00 OK

Check Details

Version: 2.4.9
Check: Rd files
Result: NOTE checkRd: (-1) REndo.Rd:19: Lost braces in \itemize; meant \describe ? checkRd: (-1) REndo.Rd:20: Lost braces in \itemize; meant \describe ? checkRd: (-1) REndo.Rd:21: Lost braces in \itemize; meant \describe ? checkRd: (-1) REndo.Rd:22: Lost braces in \itemize; meant \describe ? checkRd: (-1) REndo.Rd:23: Lost braces in \itemize; meant \describe ? Flavors: r-devel-linux-x86_64-debian-clang, r-devel-linux-x86_64-debian-gcc, r-devel-linux-x86_64-fedora-clang, r-devel-linux-x86_64-fedora-gcc