CRAN Package Check Results for Package REPLesentR

Last updated on 2024-05-29 05:59:31 CEST.

Flavor Version Tinstall Tcheck Ttotal Status Flags
r-devel-linux-x86_64-debian-clang 0.4.1 4.87 41.23 46.10 NOTE
r-devel-linux-x86_64-debian-gcc 0.4.1 3.35 30.79 34.14 NOTE
r-devel-linux-x86_64-fedora-clang 0.4.1 57.24 NOTE
r-devel-linux-x86_64-fedora-gcc 0.4.1 52.71 NOTE
r-devel-windows-x86_64 0.4.1 4.00 50.00 54.00 NOTE
r-patched-linux-x86_64 0.4.1 4.64 39.79 44.43 NOTE
r-release-linux-x86_64 0.4.1 4.18 38.44 42.62 NOTE
r-release-macos-arm64 0.4.1 19.00 NOTE
r-release-windows-x86_64 0.4.1 5.00 49.00 54.00 NOTE
r-oldrel-macos-arm64 0.4.1 21.00 NOTE
r-oldrel-macos-x86_64 0.4.1 32.00 NOTE
r-oldrel-windows-x86_64 0.4.1 6.00 56.00 62.00 NOTE

Check Details

Version: 0.4.1
Check: LazyData
Result: NOTE 'LazyData' is specified without a 'data' directory Flavors: r-devel-linux-x86_64-debian-clang, r-devel-linux-x86_64-debian-gcc, r-devel-linux-x86_64-fedora-clang, r-devel-linux-x86_64-fedora-gcc, r-devel-windows-x86_64, r-patched-linux-x86_64, r-release-linux-x86_64, r-release-macos-arm64, r-release-windows-x86_64, r-oldrel-macos-arm64, r-oldrel-macos-x86_64, r-oldrel-windows-x86_64