CRAN Package Check Results for Package RDM

Last updated on 2024-03-02 04:48:32 CET.

Flavor Version Tinstall Tcheck Ttotal Status Flags
r-devel-linux-x86_64-debian-clang 0.1.1 22.61 59.58 82.19 NOTE
r-devel-linux-x86_64-debian-gcc 0.1.1 15.25 44.99 60.24 NOTE
r-devel-linux-x86_64-fedora-clang 0.1.1 105.54 NOTE
r-devel-linux-x86_64-fedora-gcc 0.1.1 104.79 NOTE
r-devel-windows-x86_64 0.1.1 18.00 81.00 99.00 OK
r-patched-linux-x86_64 0.1.1 21.00 57.75 78.75 OK
r-release-linux-x86_64 0.1.1 19.54 56.92 76.46 OK
r-release-macos-arm64 0.1.1 34.00 OK
r-release-macos-x86_64 0.1.1 50.00 OK
r-release-windows-x86_64 0.1.1 23.00 93.00 116.00 OK
r-oldrel-macos-arm64 0.1.1 28.00 OK
r-oldrel-windows-x86_64 0.1.1 22.00 92.00 114.00 OK

Check Details

Version: 0.1.1
Check: Rd files
Result: NOTE checkRd: (-1) computeCBMeasure.Rd:26: Lost braces in \itemize; meant \describe ? checkRd: (-1) computeCBMeasure.Rd:27: Lost braces in \itemize; meant \describe ? checkRd: (-1) computeCBMeasure.Rd:28: Lost braces in \itemize; meant \describe ? checkRd: (-1) computeCBMeasure.Rd:29: Lost braces in \itemize; meant \describe ? checkRd: (-1) computeCBMeasure.Rd:30: Lost braces in \itemize; meant \describe ? checkRd: (-1) rdm.Rd:52: Lost braces in \itemize; meant \describe ? checkRd: (-1) rdm.Rd:53: Lost braces in \itemize; meant \describe ? checkRd: (-1) rdm.Rd:54: Lost braces in \itemize; meant \describe ? checkRd: (-1) rdm.Rd:55: Lost braces in \itemize; meant \describe ? checkRd: (-1) rdm.Rd:56: Lost braces in \itemize; meant \describe ? Flavors: r-devel-linux-x86_64-debian-clang, r-devel-linux-x86_64-debian-gcc, r-devel-linux-x86_64-fedora-clang, r-devel-linux-x86_64-fedora-gcc