CRAN Package Check Results for Package RClickhouse

Last updated on 2024-02-24 04:58:52 CET.

Flavor Version Tinstall Tcheck Ttotal Status Flags
r-devel-linux-x86_64-debian-clang 0.6.9 126.54 70.06 196.60 OK
r-devel-linux-x86_64-debian-gcc 0.6.9 100.57 51.68 152.25 OK
r-devel-linux-x86_64-fedora-clang 0.6.9 297.62 OK
r-devel-linux-x86_64-fedora-gcc 0.6.9 281.50 OK
r-devel-windows-x86_64 0.6.9 115.00 90.00 205.00 OK
r-patched-linux-x86_64 0.6.9 106.46 65.72 172.18 OK
r-release-linux-x86_64 0.6.9 90.65 67.06 157.71 OK
r-release-macos-arm64 0.6.9 75.00 NOTE
r-release-macos-x86_64 0.6.9 101.00 NOTE
r-release-windows-x86_64 0.6.9 146.00 112.00 258.00 OK
r-oldrel-macos-arm64 0.6.9 74.00 NOTE
r-oldrel-windows-x86_64 0.6.9 126.00 112.00 238.00 OK

Check Details

Version: 0.6.9
Check: installed package size
Result: NOTE installed size is 13.4Mb sub-directories of 1Mb or more: libs 13.1Mb Flavors: r-release-macos-arm64, r-release-macos-x86_64, r-oldrel-macos-arm64