CRAN Package Check Results for Package RCMinification

Last updated on 2024-02-20 04:24:04 CET.

Flavor Version Tinstall Tcheck Ttotal Status Flags
r-devel-linux-x86_64-debian-clang 1.2 NOTE
r-devel-linux-x86_64-debian-gcc 1.2 1.77 20.01 21.78 NOTE
r-devel-linux-x86_64-fedora-clang 1.2 35.45 OK
r-devel-linux-x86_64-fedora-gcc 1.2 33.72 OK
r-devel-windows-x86_64 1.2 3.00 44.00 47.00 OK
r-patched-linux-x86_64 1.2 2.98 25.67 28.65 OK
r-release-linux-x86_64 1.2 2.49 25.27 27.76 OK
r-release-macos-arm64 1.2 16.00 OK
r-release-macos-x86_64 1.2 21.00 OK
r-release-windows-x86_64 1.2 3.00 44.00 47.00 OK
r-oldrel-macos-arm64 1.2 16.00 OK
r-oldrel-windows-x86_64 1.2 4.00 47.00 51.00 OK

Check Details

Version: 1.2
Check: Rd files
Result: NOTE checkRd: (-1) nonlinearAR1.sim.Rd:8: Lost braces; missing escapes or markup? 8 | of the form z_n = g(z_{n-1}) + epsilon. A normal distribution is assumed for the innovations. | ^ Flavors: r-devel-linux-x86_64-debian-clang, r-devel-linux-x86_64-debian-gcc