CRAN Package Check Results for Package RBesT

Last updated on 2024-06-14 05:58:36 CEST.

Flavor Version Tinstall Tcheck Ttotal Status Flags
r-devel-linux-x86_64-debian-clang 1.7-3 229.61 269.84 499.45 NOTE
r-devel-linux-x86_64-debian-gcc 1.7-3 0.55 1.89 2.44 ERROR
r-devel-linux-x86_64-fedora-clang 1.7-3 612.49 NOTE
r-devel-linux-x86_64-fedora-gcc 1.7-3 699.28 NOTE
r-devel-windows-x86_64 1.7-3 166.00 237.00 403.00 NOTE
r-patched-linux-x86_64 1.7-3 0.01 2.94 2.95 ERROR
r-release-linux-x86_64 1.7-3 175.00 267.97 442.97 NOTE
r-release-macos-arm64 1.7-3 150.00 NOTE
r-release-macos-x86_64 1.7-3 604.00 NOTE
r-release-windows-x86_64 1.7-3 175.00 231.00 406.00 NOTE
r-oldrel-macos-arm64 1.7-3 130.00 NOTE
r-oldrel-macos-x86_64 1.7-3 326.00 NOTE
r-oldrel-windows-x86_64 1.7-3 224.00 294.00 518.00 NOTE

Check Details

Version: 1.7-3
Check: for GNU extensions in Makefiles
Result: NOTE GNU make is a SystemRequirements. Flavors: r-devel-linux-x86_64-debian-clang, r-devel-linux-x86_64-fedora-clang, r-devel-linux-x86_64-fedora-gcc, r-devel-windows-x86_64, r-release-linux-x86_64, r-release-macos-arm64, r-release-macos-x86_64, r-release-windows-x86_64, r-oldrel-macos-arm64, r-oldrel-macos-x86_64, r-oldrel-windows-x86_64

Version: 1.7-3
Check: package dependencies
Result: ERROR Packages required but not available: 'rstan', 'bayesplot', 'ggplot2', 'dplyr' Packages suggested but not available for checking: 'testthat', 'purrr', 'rstanarm', 'broom', 'tidyr', 'brms' See section ‘The DESCRIPTION file’ in the ‘Writing R Extensions’ manual. Flavor: r-devel-linux-x86_64-debian-gcc

Version: 1.7-3
Check: whether package can be installed
Result: ERROR Installation failed. Flavor: r-patched-linux-x86_64

Version: 1.7-3
Check: installed package size
Result: NOTE installed size is 66.8Mb sub-directories of 1Mb or more: libs 64.8Mb Flavors: r-release-macos-arm64, r-release-macos-x86_64, r-oldrel-macos-arm64, r-oldrel-macos-x86_64