Last updated on 2023-12-11 04:51:19 CET.
Flavor | Version | Tinstall | Tcheck | Ttotal | Status | Flags |
---|---|---|---|---|---|---|
r-devel-linux-x86_64-debian-clang | 1.7-2 | 188.71 | 510.48 | 699.19 | NOTE | |
r-devel-linux-x86_64-debian-gcc | 1.7-2 | 171.02 | 380.10 | 551.12 | NOTE | |
r-devel-linux-x86_64-fedora-clang | 1.7-2 | 873.49 | NOTE | |||
r-devel-linux-x86_64-fedora-gcc | 1.7-2 | 942.72 | NOTE | |||
r-devel-windows-x86_64 | 1.7-2 | 165.00 | 471.00 | 636.00 | NOTE | |
r-patched-linux-x86_64 | 1.7-2 | 167.25 | 516.19 | 683.44 | NOTE | |
r-release-linux-x86_64 | 1.7-2 | 154.48 | 517.60 | 672.08 | NOTE | |
r-release-macos-arm64 | 1.7-2 | 211.00 | NOTE | |||
r-release-macos-x86_64 | 1.7-2 | 567.00 | NOTE | |||
r-release-windows-x86_64 | 1.7-2 | 207.00 | 556.00 | 763.00 | NOTE | |
r-oldrel-macos-arm64 | 1.7-2 | 200.00 | NOTE | |||
r-oldrel-macos-x86_64 | 1.7-2 | 320.00 | NOTE | |||
r-oldrel-windows-x86_64 | 1.7-2 | 206.00 | 537.00 | 743.00 | NOTE |
Version: 1.7-2
Check: for GNU extensions in Makefiles
Result: NOTE
GNU make is a SystemRequirements.
Flavors: r-devel-linux-x86_64-debian-clang, r-devel-linux-x86_64-debian-gcc, r-devel-linux-x86_64-fedora-clang, r-devel-linux-x86_64-fedora-gcc, r-devel-windows-x86_64, r-patched-linux-x86_64, r-release-linux-x86_64, r-release-macos-arm64, r-release-macos-x86_64, r-release-windows-x86_64, r-oldrel-macos-arm64, r-oldrel-macos-x86_64, r-oldrel-windows-x86_64
Version: 1.7-2
Check: installed package size
Result: NOTE
installed size is 53.1Mb
sub-directories of 1Mb or more:
doc 1.2Mb
libs 50.4Mb
Flavors: r-release-macos-arm64, r-release-macos-x86_64, r-oldrel-macos-arm64, r-oldrel-macos-x86_64