Last updated on 2023-11-29 04:57:32 CET.
Flavor | Version | Tinstall | Tcheck | Ttotal | Status | Flags |
---|---|---|---|---|---|---|
r-devel-linux-x86_64-debian-clang | 2.6.1 | 11.93 | 147.29 | 159.22 | NOTE | |
r-devel-linux-x86_64-debian-gcc | 2.6.1 | 11.38 | 108.49 | 119.87 | NOTE | |
r-devel-linux-x86_64-fedora-clang | 2.6.1 | 198.03 | OK | |||
r-devel-linux-x86_64-fedora-gcc | 2.6.1 | 195.85 | OK | |||
r-devel-windows-x86_64 | 2.6.1 | 12.00 | 152.00 | 164.00 | OK | |
r-patched-linux-x86_64 | 2.6.1 | 17.77 | 137.96 | 155.73 | OK | |
r-release-linux-x86_64 | 2.6.1 | 12.43 | 139.21 | 151.64 | OK | |
r-release-macos-arm64 | 2.6.1 | 69.00 | OK | |||
r-release-macos-x86_64 | 2.6.1 | 109.00 | OK | |||
r-release-windows-x86_64 | 2.6.1 | 18.00 | 162.00 | 180.00 | OK | |
r-oldrel-macos-arm64 | 2.6.1 | 63.00 | OK | |||
r-oldrel-macos-x86_64 | 2.6.1 | 75.00 | OK | |||
r-oldrel-windows-x86_64 | 2.6.1 | 18.00 | 166.00 | 184.00 | OK |
Version: 2.6.1
Check: Rd files
Result: NOTE
checkRd: (-1) dbConnect-AthenaDriver-method.Rd:109-111: Lost braces in \itemize; meant \describe ?
checkRd: (-1) dbConnect-AthenaDriver-method.Rd:115-120: Lost braces in \itemize; meant \describe ?
checkRd: (-1) dbConnect-AthenaDriver-method.Rd:121-124: Lost braces in \itemize; meant \describe ?
checkRd: (-1) dbConnect-AthenaDriver-method.Rd:125-127: Lost braces in \itemize; meant \describe ?
checkRd: (-1) dbConnect-AthenaDriver-method.Rd:128-138: Lost braces in \itemize; meant \describe ?
Flavors: r-devel-linux-x86_64-debian-clang, r-devel-linux-x86_64-debian-gcc